CRAN Package Check Results for Package quantilogram

Last updated on 2022-06-26 06:50:45 CEST.

Flavor Version Tinstall Tcheck Ttotal Status Flags
r-devel-linux-x86_64-debian-clang 2.2.1 7.02 86.48 93.50 OK
r-devel-linux-x86_64-debian-gcc 2.2.1 7.57 66.89 74.46 OK
r-devel-linux-x86_64-fedora-clang 2.2.1 127.29 NOTE
r-devel-linux-x86_64-fedora-gcc 2.2.1 127.38 NOTE
r-devel-windows-x86_64 2.2.1 43.00 111.00 154.00 OK
r-patched-linux-x86_64 2.2.1 9.43 83.97 93.40 OK
r-release-linux-x86_64 2.2.1 9.87 83.17 93.04 OK
r-release-macos-arm64 2.2.1 50.00 NOTE
r-release-macos-x86_64 2.2.1 52.00 NOTE
r-release-windows-x86_64 2.2.1 42.00 108.00 150.00 OK
r-oldrel-macos-arm64 2.2.1 30.00 NOTE
r-oldrel-macos-x86_64 2.2.1 47.00 NOTE
r-oldrel-windows-ix86+x86_64 2.2.1 21.00 103.00 124.00 OK

Check Details

Version: 2.2.1
Check: dependencies in R code
Result: NOTE
    Namespace in Imports field not imported from: ‘SparseM’
     All declared Imports should be used.
Flavors: r-devel-linux-x86_64-fedora-clang, r-devel-linux-x86_64-fedora-gcc, r-release-macos-arm64, r-release-macos-x86_64, r-oldrel-macos-arm64, r-oldrel-macos-x86_64