CRAN Package Check Results for Package quickReg

Last updated on 2024-03-02 06:52:06 CET.

Flavor Version Tinstall Tcheck Ttotal Status Flags
r-devel-linux-x86_64-debian-clang 1.5.0 7.14 86.72 93.86 NOTE
r-devel-linux-x86_64-debian-gcc 1.5.0 5.23 64.77 70.00 NOTE
r-devel-linux-x86_64-fedora-clang 1.5.0 112.64 NOTE
r-devel-linux-x86_64-fedora-gcc 1.5.0 120.86 NOTE
r-devel-windows-x86_64 1.5.0 7.00 83.00 90.00 OK
r-patched-linux-x86_64 1.5.0 6.14 82.18 88.32 OK
r-release-linux-x86_64 1.5.0 6.56 83.60 90.16 OK
r-release-macos-arm64 1.5.0 43.00 OK
r-release-macos-x86_64 1.5.0 69.00 OK
r-release-windows-x86_64 1.5.0 9.00 92.00 101.00 OK
r-oldrel-macos-arm64 1.5.0 37.00 NOTE
r-oldrel-windows-x86_64 1.5.0 12.00 99.00 111.00 OK

Check Details

Version: 1.5.0
Check: Rd files
Result: NOTE checkRd: (-1) display_table.Rd:37: Lost braces; missing escapes or markup? 37 | \item{normtest}{A character indicating test of normality, the default method is \code{\link{shapiro.test}} when sample size no more than 5000, otherwise \code{\link[nortest]{lillie.test}} {Kolmogorov-Smirnov} is used, see package \strong{nortest} for more methods.Use 'shapiro.test', 'lillie.test', 'ad.test', etc to specify methods.} | ^ Flavors: r-devel-linux-x86_64-debian-clang, r-devel-linux-x86_64-debian-gcc, r-devel-linux-x86_64-fedora-clang, r-devel-linux-x86_64-fedora-gcc

Version: 1.5.0
Check: dependencies in R code
Result: NOTE Namespace in Imports field not imported from: ‘psych’ All declared Imports should be used. Flavors: r-devel-linux-x86_64-fedora-clang, r-devel-linux-x86_64-fedora-gcc, r-oldrel-macos-arm64

Version: 1.5.0
Check: Rd cross-references
Result: NOTE Undeclared package ‘PredictABEL’ in Rd xrefs Flavor: r-devel-linux-x86_64-fedora-clang