Last updated on 2023-03-21 15:52:27 CET.
Flavor | Version | Tinstall | Tcheck | Ttotal | Status | Flags |
---|---|---|---|---|---|---|
r-devel-linux-x86_64-debian-clang | 0.3.1 | 2.89 | 35.83 | 38.72 | OK | |
r-devel-linux-x86_64-debian-gcc | 0.3.1 | 3.18 | 28.36 | 31.54 | OK | |
r-devel-linux-x86_64-fedora-clang | 0.3.1 | 51.78 | NOTE | |||
r-devel-linux-x86_64-fedora-gcc | 0.3.1 | 47.97 | NOTE | |||
r-patched-linux-x86_64 | 0.3.1 | 4.43 | 35.42 | 39.85 | OK | |
r-release-linux-x86_64 | 0.3.1 | 4.31 | 36.35 | 40.66 | OK | |
r-release-macos-arm64 | 0.3.1 | 21.00 | NOTE | |||
r-release-macos-x86_64 | 0.3.1 | 30.00 | NOTE | |||
r-release-windows-x86_64 | 0.3.1 | 32.00 | 75.00 | 107.00 | OK | |
r-oldrel-macos-arm64 | 0.3.1 | 24.00 | NOTE | |||
r-oldrel-macos-x86_64 | 0.3.1 | 36.00 | NOTE | |||
r-oldrel-windows-ix86+x86_64 | 0.3.1 | 10.00 | 63.00 | 73.00 | OK |
Version: 0.3.1
Check: data for non-ASCII characters
Result: NOTE
Note: found 5 marked UTF-8 strings
Flavors: r-devel-linux-x86_64-fedora-clang, r-devel-linux-x86_64-fedora-gcc, r-release-macos-arm64, r-release-macos-x86_64, r-oldrel-macos-arm64, r-oldrel-macos-x86_64