CRAN Package Check Results for Package r3dmol

Last updated on 2024-06-20 06:57:21 CEST.

Flavor Version Tinstall Tcheck Ttotal Status Flags
r-devel-linux-x86_64-debian-clang 0.1.2 9.95 80.01 89.96 OK
r-devel-linux-x86_64-debian-gcc 0.1.2 5.13 61.56 66.69 OK
r-devel-linux-x86_64-fedora-clang 0.1.2 106.02 NOTE
r-devel-linux-x86_64-fedora-gcc 0.1.2 114.15 OK
r-devel-windows-x86_64 0.1.2 10.00 106.00 116.00 NOTE
r-patched-linux-x86_64 0.1.2 11.13 77.49 88.62 OK
r-release-linux-x86_64 0.1.2 8.19 78.85 87.04 OK
r-release-macos-arm64 0.1.2 53.00 NOTE
r-release-macos-x86_64 0.1.2 79.00 NOTE
r-release-windows-x86_64 0.1.2 10.00 107.00 117.00 NOTE
r-oldrel-macos-arm64 0.1.2 56.00 NOTE
r-oldrel-macos-x86_64 0.1.2 75.00 NOTE
r-oldrel-windows-x86_64 0.1.2 12.00 118.00 130.00 NOTE

Check Details

Version: 0.1.2
Check: installed package size
Result: NOTE installed size is 11.6Mb sub-directories of 1Mb or more: doc 9.9Mb Flavors: r-devel-linux-x86_64-fedora-clang, r-devel-windows-x86_64, r-release-macos-arm64, r-release-macos-x86_64, r-release-windows-x86_64, r-oldrel-macos-arm64, r-oldrel-macos-x86_64, r-oldrel-windows-x86_64