Last updated on 2025-01-16 06:49:23 CET.
Flavor | Version | Tinstall | Tcheck | Ttotal | Status | Flags |
---|---|---|---|---|---|---|
r-devel-linux-x86_64-debian-clang | 0.1.2 | 4.50 | 62.53 | 67.03 | OK | |
r-devel-linux-x86_64-debian-gcc | 0.1.2 | 3.33 | 50.02 | 53.35 | OK | |
r-devel-linux-x86_64-fedora-clang | 0.1.2 | 109.09 | OK | |||
r-devel-linux-x86_64-fedora-gcc | 0.1.2 | 116.59 | OK | |||
r-devel-windows-x86_64 | 0.1.2 | 11.00 | 113.00 | 124.00 | OK | |
r-patched-linux-x86_64 | 0.1.2 | 6.40 | 62.51 | 68.91 | OK | |
r-release-linux-x86_64 | 0.1.2 | 4.95 | 59.89 | 64.84 | OK | |
r-release-macos-arm64 | 0.1.2 | 53.00 | NOTE | |||
r-release-macos-x86_64 | 0.1.2 | 79.00 | NOTE | |||
r-release-windows-x86_64 | 0.1.2 | 10.00 | 109.00 | 119.00 | NOTE | |
r-oldrel-macos-arm64 | 0.1.2 | 56.00 | NOTE | |||
r-oldrel-macos-x86_64 | 0.1.2 | 75.00 | NOTE | |||
r-oldrel-windows-x86_64 | 0.1.2 | 11.00 | 121.00 | 132.00 | NOTE |
Version: 0.1.2
Check: installed package size
Result: NOTE
installed size is 11.5Mb
sub-directories of 1Mb or more:
doc 9.9Mb
Flavors: r-release-macos-arm64, r-release-macos-x86_64, r-release-windows-x86_64, r-oldrel-macos-arm64, r-oldrel-macos-x86_64, r-oldrel-windows-x86_64