CRAN Package Check Results for Package rBayesianOptimization

Last updated on 2024-04-18 06:57:52 CEST.

Flavor Version Tinstall Tcheck Ttotal Status Flags
r-devel-linux-x86_64-debian-clang 1.2.1 2.46 30.72 33.18 OK
r-devel-linux-x86_64-debian-gcc 1.2.1 2.18 23.06 25.24 OK
r-devel-linux-x86_64-fedora-clang 1.2.1 42.65 OK
r-devel-linux-x86_64-fedora-gcc 1.2.1 41.40 OK
r-prerel-macos-arm64 1.2.1 17.00 OK
r-prerel-macos-x86_64 1.2.1 41.00 OK
r-prerel-windows-x86_64 1.2.1 5.00 56.00 61.00 OK
r-patched-linux-x86_64 1.2.0 4.62 29.33 33.95 NOTE
r-release-linux-x86_64 1.2.0 3.02 30.02 33.04 OK
r-release-macos-arm64 1.2.1 22.00 OK
r-release-macos-x86_64 1.2.1 36.00 OK
r-release-windows-x86_64 1.2.1 7.00 46.00 53.00 OK
r-oldrel-macos-arm64 1.2.1 26.00 OK
r-oldrel-windows-x86_64 1.2.1 4.00 57.00 61.00 OK

Check Details

Version: 1.2.0
Check: Rd \usage sections
Result: NOTE Documented arguments not in \usage in Rd file 'Min_Max_Inverse_Scale_Vec.Rd': ‘mat’ Functions with \usage entries need to have the appropriate \alias entries, and all their arguments documented. The \usage entries must correspond to syntactically valid R code. See chapter ‘Writing R documentation files’ in the ‘Writing R Extensions’ manual. Flavor: r-patched-linux-x86_64