CRAN Package Check Results for Package rDEA

Last updated on 2024-06-13 06:58:15 CEST.

Flavor Version Tinstall Tcheck Ttotal Status Flags
r-devel-linux-x86_64-debian-clang 1.2-8 7.05 65.83 72.88 OK
r-devel-linux-x86_64-debian-gcc 1.2-8 4.24 42.59 46.83 ERROR
r-devel-linux-x86_64-fedora-clang 1.2-8 89.87 NOTE
r-devel-linux-x86_64-fedora-gcc 1.2-8 84.94 OK
r-devel-windows-x86_64 1.2-8 16.00 71.00 87.00 OK
r-patched-linux-x86_64 1.2-8 5.89 63.53 69.42 OK
r-release-linux-x86_64 1.2-8 5.95 62.87 68.82 OK
r-release-macos-arm64 1.2-8 31.00 OK
r-release-macos-x86_64 1.2-8 45.00 OK
r-release-windows-x86_64 1.2-8 16.00 72.00 88.00 OK
r-oldrel-macos-arm64 1.2-8 29.00 OK
r-oldrel-macos-x86_64 1.2-8 69.00 OK
r-oldrel-windows-x86_64 1.2-8 18.00 85.00 103.00 OK

Check Details

Version: 1.2-8
Check: package dependencies
Result: NOTE Package suggested but not available for checking: ‘testthat’ Flavor: r-devel-linux-x86_64-debian-gcc

Version: 1.2-8
Check: tests
Result: ERROR Running ‘run-testthat-rDEA.R’ [0s/0s] Running the tests in ‘tests/run-testthat-rDEA.R’ failed. Complete output: > library("testthat") Error in library("testthat") : there is no package called 'testthat' Execution halted Flavor: r-devel-linux-x86_64-debian-gcc

Version: 1.2-8
Check: Rd cross-references
Result: NOTE Undeclared package ‘Rglpk’ in Rd xrefs Flavor: r-devel-linux-x86_64-fedora-clang