CRAN Package Check Results for Package rDNAse

Last updated on 2020-10-26 05:46:49 CET.

Flavor Version Tinstall Tcheck Ttotal Status Flags
r-devel-linux-x86_64-debian-clang 1.1-1 3.39 41.60 44.99 OK
r-devel-linux-x86_64-debian-gcc 1.1-1 3.02 32.05 35.07 OK
r-devel-linux-x86_64-fedora-clang 1.1-1 64.00 OK
r-devel-linux-x86_64-fedora-gcc 1.1-1 52.99 OK
r-devel-windows-ix86+x86_64 1.1-1 9.00 72.00 81.00 OK
r-patched-linux-x86_64 1.1-1 3.36 38.39 41.75 OK
r-patched-solaris-x86 1.1-1 72.80 OK
r-release-linux-x86_64 1.1-1 3.00 39.03 42.03 OK
r-release-macos-x86_64 1.1-1 OK
r-release-windows-ix86+x86_64 1.1-1 7.00 49.00 56.00 OK
r-oldrel-macos-x86_64 1.1-1 NOTE
r-oldrel-windows-ix86+x86_64 1.1-1 9.00 60.00 69.00 OK

Check Details

Version: 1.1-1
Check: package dependencies
Result: NOTE
    Packages suggested but not available for checking:
     'Biostrings', 'GOSemSim', 'org.Hs.eg.db'
Flavor: r-oldrel-macos-x86_64