CRAN Package Check Results for Package rENA

Last updated on 2021-01-17 06:47:01 CET.

Flavor Version Tinstall Tcheck Ttotal Status Flags
r-devel-linux-x86_64-debian-clang 0.2.1.2 46.29 141.88 188.17 OK
r-devel-linux-x86_64-debian-gcc 0.2.1.2 34.47 104.25 138.72 OK
r-devel-linux-x86_64-fedora-clang 0.2.1.2 225.72 NOTE
r-devel-linux-x86_64-fedora-gcc 0.2.1.2 199.25 OK
r-devel-windows-ix86+x86_64 0.2.1.2 83.00 186.00 269.00 NOTE
r-patched-linux-x86_64 0.2.1.2 38.50 128.41 166.91 OK
r-patched-solaris-x86 0.2.1.2 223.00 WARN
r-release-linux-x86_64 0.2.1.2 38.63 126.79 165.42 ERROR
r-release-macos-x86_64 0.2.1.2 WARN
r-release-windows-ix86+x86_64 0.2.1.2 86.00 178.00 264.00 NOTE
r-oldrel-macos-x86_64 0.2.1.2 WARN
r-oldrel-windows-ix86+x86_64 0.2.1.2 94.00 162.00 256.00 NOTE

Check Details

Version: 0.2.1.2
Check: installed package size
Result: NOTE
     installed size is 10.4Mb
     sub-directories of 1Mb or more:
     doc 7.0Mb
     libs 2.7Mb
Flavors: r-devel-linux-x86_64-fedora-clang, r-devel-windows-ix86+x86_64, r-patched-solaris-x86, r-release-macos-x86_64, r-release-windows-ix86+x86_64, r-oldrel-macos-x86_64, r-oldrel-windows-ix86+x86_64

Version: 0.2.1.2
Check: re-building of vignette outputs
Result: WARN
    Error(s) in re-building vignettes:
     ...
    --- re-building ‘getting-started.Rmd’ using rmarkdown
    Warning in engine$weave(file, quiet = quiet, encoding = enc) :
     Pandoc (>= 1.12.3) and/or pandoc-citeproc not available. Falling back to R Markdown v1.
    
    Attaching package: 'rENA'
    
    The following object is masked from 'package:methods':
    
     show
    
    Loading required package: ggplot2
    
    Attaching package: 'plotly'
    
    The following object is masked from 'package:ggplot2':
    
     last_plot
    
    The following object is masked from 'package:stats':
    
     filter
    
    The following object is masked from 'package:graphics':
    
     layout
    
    Quitting from lines 107-117 (getting-started.Rmd)
    Error: processing vignette 'getting-started.Rmd' failed with diagnostics:
    cannot open the connection
    --- failed re-building ‘getting-started.Rmd’
    
    --- re-building ‘means-rotation.Rmd’ using rmarkdown
    Warning in engine$weave(file, quiet = quiet, encoding = enc) :
     Pandoc (>= 1.12.3) and/or pandoc-citeproc not available. Falling back to R Markdown v1.
    Loading required package: ggplot2
    
    Attaching package: 'plotly'
    
    The following object is masked from 'package:ggplot2':
    
     last_plot
    
    The following object is masked from 'package:stats':
    
     filter
    
    The following object is masked from 'package:graphics':
    
     layout
    
    
    Attaching package: 'rENA'
    
    The following object is masked from 'package:methods':
    
     show
    
    --- finished re-building ‘means-rotation.Rmd’
    
    SUMMARY: processing the following file failed:
     ‘getting-started.Rmd’
    
    Error: Vignette re-building failed.
    Execution halted
Flavor: r-patched-solaris-x86

Version: 0.2.1.2
Check: tests
Result: ERROR
     Running ‘testthat.R’ [42s/45s]
    Running the tests in ‘tests/testthat.R’ failed.
    Complete output:
     > library(testthat)
     > library(rENA)
    
     Attaching package: 'rENA'
    
     The following object is masked from 'package:methods':
    
     show
    
     >
     > test_check("rENA")
     [1] "Using custom rotation.set."
     [1] "Using custom rotation.set."
     ══ Failed tests ════════════════════════════════════════════════════════════════
     ── Failure (test.weighted.single.window.R:30:3): Verify binary/weighted accumulations with window > 1 are not equal ──
     any(as.matrix(win.4.binary$connection.counts) == as.matrix(win.4.sum$connection.counts)) not equal to `F`.
     1 element mismatch
    
     [ FAIL 1 | WARN 0 | SKIP 0 | PASS 239 ]
     Error: Test failures
     Execution halted
Flavor: r-release-linux-x86_64

Version: 0.2.1.2
Check: re-building of vignette outputs
Result: WARN
    Error(s) in re-building vignettes:
    --- re-building ‘getting-started.Rmd’ using rmarkdown
    Warning in engine$weave(file, quiet = quiet, encoding = enc) :
     Pandoc (>= 1.12.3) and/or pandoc-citeproc not available. Falling back to R Markdown v1.
    
    Attaching package: 'rENA'
    
    The following object is masked from 'package:methods':
    
     show
    
    Loading required package: ggplot2
    
    Attaching package: 'plotly'
    
    The following object is masked from 'package:ggplot2':
    
     last_plot
    
    The following object is masked from 'package:stats':
    
     filter
    
    The following object is masked from 'package:graphics':
    
     layout
    
    Quitting from lines 107-117 (getting-started.Rmd)
    Error: processing vignette 'getting-started.Rmd' failed with diagnostics:
    cannot open the connection
    --- failed re-building ‘getting-started.Rmd’
    
    --- re-building ‘means-rotation.Rmd’ using rmarkdown
    Warning in engine$weave(file, quiet = quiet, encoding = enc) :
     Pandoc (>= 1.12.3) and/or pandoc-citeproc not available. Falling back to R Markdown v1.
    Loading required package: ggplot2
    
    Attaching package: 'plotly'
    
    The following object is masked from 'package:ggplot2':
    
     last_plot
    
    The following object is masked from 'package:stats':
    
     filter
    
    The following object is masked from 'package:graphics':
    
     layout
    
    
    Attaching package: 'rENA'
    
    The following object is masked from 'package:methods':
    
     show
    
    --- finished re-building ‘means-rotation.Rmd’
    
    SUMMARY: processing the following file failed:
     ‘getting-started.Rmd’
    
    Error: Vignette re-building failed.
    Execution halted
Flavors: r-release-macos-x86_64, r-oldrel-macos-x86_64