CRAN Package Check Results for Package rFSA

Last updated on 2024-06-12 07:57:14 CEST.

Flavor Version Tinstall Tcheck Ttotal Status Flags
r-devel-linux-x86_64-debian-clang 0.9.6 8.84 68.27 77.11 NOTE
r-devel-linux-x86_64-debian-gcc 0.9.6 5.79 49.70 55.49 NOTE
r-devel-linux-x86_64-fedora-clang 0.9.6 93.52 NOTE
r-devel-linux-x86_64-fedora-gcc 0.9.6 86.77 NOTE
r-devel-windows-x86_64 0.9.6 7.00 66.00 73.00 NOTE
r-patched-linux-x86_64 0.9.6 6.73 65.14 71.87 NOTE
r-release-linux-x86_64 0.9.6 4.32 64.29 68.61 NOTE
r-release-macos-arm64 0.9.6 27.00 NOTE
r-release-macos-x86_64 0.9.6 43.00 NOTE
r-release-windows-x86_64 0.9.6 8.00 68.00 76.00 NOTE
r-oldrel-macos-arm64 0.9.6 30.00 NOTE
r-oldrel-macos-x86_64 0.9.6 47.00 NOTE
r-oldrel-windows-x86_64 0.9.6 9.00 78.00 87.00 NOTE

Check Details

Version: 0.9.6
Check: LazyData
Result: NOTE 'LazyData' is specified without a 'data' directory Flavors: r-devel-linux-x86_64-debian-clang, r-devel-linux-x86_64-debian-gcc, r-devel-linux-x86_64-fedora-clang, r-devel-linux-x86_64-fedora-gcc, r-devel-windows-x86_64, r-patched-linux-x86_64, r-release-linux-x86_64, r-release-macos-arm64, r-release-macos-x86_64, r-release-windows-x86_64, r-oldrel-macos-arm64, r-oldrel-macos-x86_64, r-oldrel-windows-x86_64