CRAN Package Check Results for Package rJPSGCS

Last updated on 2020-10-26 05:46:50 CET.

Flavor Version Tinstall Tcheck Ttotal Status Flags
r-devel-linux-x86_64-debian-clang 0.2-10 12.13 88.51 100.64 OK
r-devel-linux-x86_64-debian-gcc 0.2-10 9.12 66.21 75.33 OK
r-devel-linux-x86_64-fedora-clang 0.2-10 129.56 OK
r-devel-linux-x86_64-fedora-gcc 0.2-10 122.69 OK
r-devel-windows-ix86+x86_64 0.2-10 29.00 144.00 173.00 OK
r-patched-linux-x86_64 0.2-10 11.17 79.93 91.10 OK
r-release-linux-x86_64 0.2-10 9.91 79.60 89.51 OK
r-release-macos-x86_64 0.2-10 ERROR
r-release-windows-ix86+x86_64 0.2-10 23.00 110.00 133.00 OK
r-oldrel-macos-x86_64 0.2-10 OK
r-oldrel-windows-ix86+x86_64 0.2-10 24.00 115.00 139.00 OK

Check Details

Version: 0.2-10
Check: package dependencies
Result: ERROR
    Package required but not available: ‘chopsticks’
    
    See section ‘The DESCRIPTION file’ in the ‘Writing R Extensions’
    manual.
Flavor: r-release-macos-x86_64