CRAN Package Check Results for Package rMR

Last updated on 2024-06-22 07:49:40 CEST.

Flavor Version Tinstall Tcheck Ttotal Status Flags
r-devel-linux-x86_64-debian-clang 1.1.0 3.30 48.01 51.31 NOTE
r-devel-linux-x86_64-debian-gcc 1.1.0 2.81 35.78 38.59 NOTE
r-devel-linux-x86_64-fedora-clang 1.1.0 63.62 NOTE
r-devel-linux-x86_64-fedora-gcc 1.1.0 60.87 NOTE
r-devel-windows-x86_64 1.1.0 3.00 61.00 64.00 NOTE
r-patched-linux-x86_64 1.1.0 4.30 44.99 49.29 NOTE
r-release-linux-x86_64 1.1.0 4.09 46.03 50.12 NOTE
r-release-macos-arm64 1.1.0 24.00 NOTE
r-release-macos-x86_64 1.1.0 37.00 NOTE
r-release-windows-x86_64 1.1.0 4.00 64.00 68.00 NOTE
r-oldrel-macos-arm64 1.1.0 24.00 OK
r-oldrel-macos-x86_64 1.1.0 36.00 OK
r-oldrel-windows-x86_64 1.1.0 3.00 68.00 71.00 OK

Check Details

Version: 1.1.0
Check: Rd files
Result: NOTE checkRd: (-1) DO.unit.convert.Rd:24: Lost braces; missing escapes or markup? 24 | Units of dissolved oxygen concentration desired, i.e. to be converted to. Must be \code{"mg/L"}, \code{"PP"}, or {"pct"}. | ^ checkRd: (-1) MR.loops.Rd:80: Lost braces; missing escapes or markup? 80 | Returns a list of 2. \code{$MR.summary} is of class {data.frame} with 3 columns: \code{$MR} (metabolic rate in user specified units, this is the same as the slope in each linear model), \code{$sd.slope} (standard deviation of slopes calculation), \code{$r.square} (adjusted r square value from each model). This second object is a list of \code{biglm} objects, each one representing a metabolic loop (see McDonnell and Chapman 2016). | ^ checkRd: (-1) get.pcrit.Rd:27: Lost braces; missing escapes or markup? 27 | Metabolic rate variable name, formatted as character. Default = \code{NULL}. If this argument takes a value, Pcrit will be calculated by regressing \code{MR.var.name} on \code{DO.var.name}. \code{time.var} and {time.interval} should, in this case, take no value. If \code{MR.var.name} is left as\code{NULL}, then instantaneous metabolic rates (MR) at specified time intervals (see \code{time.interval}) from \code{DO.var.name} and \code{time.var}. | ^ checkRd: (-1) tot.rss.Rd:35: Lost braces 35 | code{\link{sumsq}} | ^ checkRd: (-1) tot.rss.Rd:36: Lost braces 36 | code{\link{get.pcrit}} | ^ Flavors: r-devel-linux-x86_64-debian-clang, r-devel-linux-x86_64-debian-gcc, r-devel-linux-x86_64-fedora-clang, r-devel-linux-x86_64-fedora-gcc, r-devel-windows-x86_64, r-patched-linux-x86_64, r-release-linux-x86_64, r-release-macos-arm64, r-release-macos-x86_64, r-release-windows-x86_64