CRAN Package Check Results for Package rPackedBar

Last updated on 2022-01-21 07:52:46 CET.

Flavor Version Tinstall Tcheck Ttotal Status Flags
r-devel-linux-x86_64-debian-clang 0.2.2 NOTE
r-devel-linux-x86_64-debian-gcc 0.2.2 5.06 49.22 54.28 NOTE
r-devel-linux-x86_64-fedora-clang 0.2.2 86.87 NOTE
r-devel-linux-x86_64-fedora-gcc 0.2.2 72.82 NOTE
r-devel-windows-x86_64-new-UL 0.2.2 29.00 105.00 134.00 NOTE
r-devel-windows-x86_64-new-TK 0.2.2 NOTE
r-patched-linux-x86_64 0.2.2 5.52 61.20 66.72 NOTE
r-release-linux-x86_64 0.2.2 3.90 61.19 65.09 NOTE
r-release-macos-arm64 0.2.2 NOTE
r-release-macos-x86_64 0.2.2 NOTE
r-release-windows-ix86+x86_64 0.2.2 16.00 77.00 93.00 NOTE
r-oldrel-macos-x86_64 0.2.2 OK
r-oldrel-windows-ix86+x86_64 0.2.2 16.00 82.00 98.00 OK

Check Details

Version: 0.2.2
Check: LazyData
Result: NOTE
     'LazyData' is specified without a 'data' directory
Flavors: r-devel-linux-x86_64-debian-clang, r-devel-linux-x86_64-debian-gcc, r-devel-linux-x86_64-fedora-clang, r-devel-linux-x86_64-fedora-gcc, r-devel-windows-x86_64-new-UL, r-devel-windows-x86_64-new-TK, r-patched-linux-x86_64, r-release-linux-x86_64, r-release-macos-arm64, r-release-macos-x86_64, r-release-windows-ix86+x86_64