CRAN Package Check Results for Package rPackedBar

Last updated on 2024-05-28 06:58:43 CEST.

Flavor Version Tinstall Tcheck Ttotal Status Flags
r-devel-linux-x86_64-debian-clang 0.2.2 8.75 61.62 70.37 NOTE
r-devel-linux-x86_64-debian-gcc 0.2.2 5.77 45.99 51.76 NOTE
r-devel-linux-x86_64-fedora-clang 0.2.2 88.50 NOTE
r-devel-linux-x86_64-fedora-gcc 0.2.2 94.66 NOTE
r-devel-windows-x86_64 0.2.2 8.00 65.00 73.00 NOTE
r-patched-linux-x86_64 0.2.2 7.21 57.82 65.03 NOTE
r-release-linux-x86_64 0.2.2 4.68 58.62 63.30 NOTE
r-release-macos-arm64 0.2.2 35.00 NOTE
r-release-windows-x86_64 0.2.2 7.00 65.00 72.00 NOTE
r-oldrel-macos-arm64 0.2.2 33.00 NOTE
r-oldrel-macos-x86_64 0.2.2 52.00 NOTE
r-oldrel-windows-x86_64 0.2.2 9.00 74.00 83.00 NOTE

Check Details

Version: 0.2.2
Check: LazyData
Result: NOTE 'LazyData' is specified without a 'data' directory Flavors: r-devel-linux-x86_64-debian-clang, r-devel-linux-x86_64-debian-gcc, r-devel-linux-x86_64-fedora-clang, r-devel-linux-x86_64-fedora-gcc, r-devel-windows-x86_64, r-patched-linux-x86_64, r-release-linux-x86_64, r-release-macos-arm64, r-release-windows-x86_64, r-oldrel-macos-arm64, r-oldrel-macos-x86_64, r-oldrel-windows-x86_64