CRAN Package Check Results for Package rPref

Last updated on 2020-10-28 05:48:44 CET.

Flavor Version Tinstall Tcheck Ttotal Status Flags
r-devel-linux-x86_64-debian-clang 1.3 79.53 63.27 142.80 NOTE
r-devel-linux-x86_64-debian-gcc 1.3 52.88 45.78 98.66 NOTE
r-devel-linux-x86_64-fedora-clang 1.3 203.36 NOTE
r-devel-linux-x86_64-fedora-gcc 1.3 204.33 NOTE
r-devel-windows-ix86+x86_64 1.3 186.00 97.00 283.00 NOTE
r-patched-linux-x86_64 1.3 NOTE
r-patched-solaris-x86 1.3 185.20 NOTE
r-release-linux-x86_64 1.3 72.62 57.11 129.73 NOTE
r-release-macos-x86_64 1.3 NOTE
r-release-windows-ix86+x86_64 1.3 153.00 87.00 240.00 NOTE
r-oldrel-macos-x86_64 1.3 NOTE
r-oldrel-windows-ix86+x86_64 1.3 168.00 106.00 274.00 NOTE

Check Details

Version: 1.3
Check: for GNU extensions in Makefiles
Result: NOTE
    GNU make is a SystemRequirements.
Flavors: r-devel-linux-x86_64-debian-clang, r-devel-linux-x86_64-debian-gcc, r-devel-linux-x86_64-fedora-clang, r-devel-linux-x86_64-fedora-gcc, r-devel-windows-ix86+x86_64, r-patched-linux-x86_64, r-patched-solaris-x86, r-release-linux-x86_64, r-release-macos-x86_64, r-release-windows-ix86+x86_64, r-oldrel-macos-x86_64, r-oldrel-windows-ix86+x86_64

Version: 1.3
Check: package dependencies
Result: NOTE
    Packages suggested but not available for checking: 'graph', 'Rgraphviz'
Flavor: r-oldrel-macos-x86_64