Last updated on 2023-01-27 07:50:43 CET.
Flavor | Version | Tinstall | Tcheck | Ttotal | Status | Flags |
---|---|---|---|---|---|---|
r-devel-linux-x86_64-debian-clang | 1.0.0.10 | 105.20 | 51.32 | 156.52 | OK | |
r-devel-linux-x86_64-debian-gcc | 1.0.0.10 | 79.27 | 40.12 | 119.39 | NOTE | |
r-devel-linux-x86_64-fedora-clang | 1.0.0.10 | 228.43 | NOTE | |||
r-devel-linux-x86_64-fedora-gcc | 1.0.0.10 | 210.07 | NOTE | |||
r-patched-linux-x86_64 | 1.0.0.10 | 90.18 | 50.88 | 141.06 | OK | |
r-release-linux-x86_64 | 1.0.0.10 | 83.99 | 51.70 | 135.69 | OK | |
r-release-macos-arm64 | 1.0.0.10 | 50.00 | OK | |||
r-release-macos-x86_64 | 1.0.0.10 | 70.00 | OK | |||
r-release-windows-x86_64 | 1.0.0.10 | 163.00 | 118.00 | 281.00 | OK | |
r-oldrel-macos-arm64 | 1.0.0.10 | 47.00 | OK | |||
r-oldrel-macos-x86_64 | 1.0.0.10 | 80.00 | OK | |||
r-oldrel-windows-ix86+x86_64 | 1.0.0.10 | 252.00 | 118.00 | 370.00 | OK |
Version: 1.0.0.10
Check: C++ specification
Result: NOTE
Specified C++11: please update to current default of C++17
Flavors: r-devel-linux-x86_64-debian-gcc, r-devel-linux-x86_64-fedora-clang, r-devel-linux-x86_64-fedora-gcc