Last updated on 2023-11-28 07:53:16 CET.
Flavor | Version | Tinstall | Tcheck | Ttotal | Status | Flags |
---|---|---|---|---|---|---|
r-devel-linux-x86_64-debian-clang | 1.0.0.10 | 110.47 | 50.51 | 160.98 | NOTE | |
r-devel-linux-x86_64-debian-gcc | 1.0.0.10 | 74.70 | 40.05 | 114.75 | NOTE | |
r-devel-linux-x86_64-fedora-clang | 1.0.0.10 | 237.80 | NOTE | |||
r-devel-linux-x86_64-fedora-gcc | 1.0.0.10 | 223.69 | NOTE | |||
r-devel-windows-x86_64 | 1.0.0.10 | 81.00 | 87.00 | 168.00 | NOTE | |
r-patched-linux-x86_64 | 1.0.0.10 | 89.25 | 50.12 | 139.37 | NOTE | |
r-release-linux-x86_64 | 1.0.0.10 | 89.79 | 50.89 | 140.68 | NOTE | |
r-release-macos-arm64 | 1.0.0.10 | 57.00 | NOTE | |||
r-release-macos-x86_64 | 1.0.0.10 | 80.00 | NOTE | |||
r-release-windows-x86_64 | 1.0.0.10 | 108.00 | 95.00 | 203.00 | NOTE | |
r-oldrel-macos-arm64 | 1.0.0.10 | 50.00 | OK | |||
r-oldrel-macos-x86_64 | 1.0.0.10 | 70.00 | OK | |||
r-oldrel-windows-x86_64 | 1.0.0.10 | 99.00 | 97.00 | 196.00 | OK |
Version: 1.0.0.10
Check: C++ specification
Result: NOTE
Specified C++11: please drop specification unless essential
Flavors: r-devel-linux-x86_64-debian-clang, r-devel-linux-x86_64-debian-gcc, r-devel-linux-x86_64-fedora-clang, r-devel-linux-x86_64-fedora-gcc, r-devel-windows-x86_64, r-patched-linux-x86_64, r-release-linux-x86_64, r-release-macos-arm64, r-release-macos-x86_64, r-release-windows-x86_64