CRAN Package Check Results for Package rTRNG

Last updated on 2021-06-13 06:50:02 CEST.

Flavor Version Tinstall Tcheck Ttotal Status Flags
r-devel-linux-x86_64-debian-clang 4.23.1-1 141.78 204.67 346.45 NOTE
r-devel-linux-x86_64-debian-gcc 4.23.1-1 115.20 136.02 251.22 NOTE
r-devel-linux-x86_64-fedora-clang 4.23.1-1 472.46 NOTE
r-devel-linux-x86_64-fedora-gcc 4.23.1-1 445.19 NOTE
r-devel-windows-x86_64 4.23.1-1 176.00 253.00 429.00 NOTE
r-devel-windows-x86_64-gcc10-UCRT 4.23.1-1 NOTE
r-patched-linux-x86_64 4.23.1-1 134.75 180.53 315.28 NOTE
r-patched-solaris-x86 4.23.1-1 414.30 NOTE
r-release-linux-x86_64 4.23.1-1 136.10 180.52 316.62 NOTE
r-release-macos-arm64 4.23.1-1 NOTE
r-release-macos-x86_64 4.23.1-1 NOTE
r-release-windows-ix86+x86_64 4.23.1-1 290.00 318.00 608.00 NOTE
r-oldrel-macos-x86_64 4.23.1-1 NOTE
r-oldrel-windows-ix86+x86_64 4.23.1-1 279.00 335.00 614.00 NOTE

Check Details

Version: 4.23.1-1
Check: LazyData
Result: NOTE
     'LazyData' is specified without a 'data' directory
Flavors: r-devel-linux-x86_64-debian-clang, r-devel-linux-x86_64-debian-gcc, r-devel-linux-x86_64-fedora-clang, r-devel-linux-x86_64-fedora-gcc, r-devel-windows-x86_64, r-devel-windows-x86_64-gcc10-UCRT, r-patched-linux-x86_64, r-patched-solaris-x86, r-release-linux-x86_64, r-release-macos-arm64, r-release-macos-x86_64, r-release-windows-ix86+x86_64

Version: 4.23.1-1
Check: for GNU extensions in Makefiles
Result: NOTE
    GNU make is a SystemRequirements.
Flavors: r-devel-linux-x86_64-debian-clang, r-devel-linux-x86_64-debian-gcc, r-devel-linux-x86_64-fedora-clang, r-devel-linux-x86_64-fedora-gcc, r-devel-windows-x86_64, r-devel-windows-x86_64-gcc10-UCRT, r-patched-linux-x86_64, r-patched-solaris-x86, r-release-linux-x86_64, r-release-macos-arm64, r-release-macos-x86_64, r-release-windows-ix86+x86_64, r-oldrel-macos-x86_64, r-oldrel-windows-ix86+x86_64

Version: 4.23.1-1
Check: installed package size
Result: NOTE
     installed size is 25.9Mb
     sub-directories of 1Mb or more:
     doc 7.8Mb
     libs 17.1Mb
Flavors: r-devel-linux-x86_64-fedora-clang, r-devel-windows-x86_64, r-patched-solaris-x86, r-release-macos-arm64, r-release-macos-x86_64, r-release-windows-ix86+x86_64, r-oldrel-macos-x86_64, r-oldrel-windows-ix86+x86_64