CRAN Package Check Results for Package radiant.data

Last updated on 2020-10-24 06:46:50 CEST.

Flavor Version Tinstall Tcheck Ttotal Status Flags
r-devel-linux-x86_64-debian-clang 1.3.10 16.86 126.86 143.72 OK
r-devel-linux-x86_64-debian-gcc 1.3.10 12.81 97.63 110.44 OK
r-devel-linux-x86_64-fedora-clang 1.3.10 177.76 NOTE
r-devel-linux-x86_64-fedora-gcc 1.3.10 160.67 OK
r-devel-windows-ix86+x86_64 1.3.10 39.00 168.00 207.00 OK
r-patched-linux-x86_64 1.3.10 14.60 116.89 131.49 OK
r-patched-solaris-x86 1.3.10 225.60 NOTE
r-release-linux-x86_64 1.3.10 15.48 116.08 131.56 OK
r-release-macos-x86_64 1.3.10 OK
r-release-windows-ix86+x86_64 1.3.10 41.00 123.00 164.00 OK
r-oldrel-macos-x86_64 1.3.10 OK
r-oldrel-windows-ix86+x86_64 1.3.10 30.00 160.00 190.00 OK

Check Details

Version: 1.3.10
Check: package dependencies
Result: NOTE
    Imports includes 27 non-default packages.
    Importing from so many packages makes the package vulnerable to any of
    them becoming unavailable. Move as many as possible to Suggests and
    use conditionally.
Flavor: r-devel-linux-x86_64-fedora-clang

Version: 1.3.10
Check: package dependencies
Result: NOTE
    Package suggested but not available for checking: ‘pkgdown’
Flavor: r-patched-solaris-x86