CRAN Package Check Results for Package radiant.model

Last updated on 2020-12-04 06:46:57 CET.

Flavor Version Tinstall Tcheck Ttotal Status Flags
r-devel-linux-x86_64-debian-clang 1.3.14 26.18 218.29 244.47 OK
r-devel-linux-x86_64-debian-gcc 1.3.14 22.42 176.66 199.08 OK
r-devel-linux-x86_64-fedora-clang 1.3.14 284.27 NOTE
r-devel-linux-x86_64-fedora-gcc 1.3.14 287.46 OK
r-devel-windows-ix86+x86_64 1.3.14 37.00 250.00 287.00 OK
r-patched-linux-x86_64 1.3.14 19.65 199.78 219.43 OK
r-patched-solaris-x86 1.3.14 366.50 OK
r-release-linux-x86_64 1.3.14 18.56 209.92 228.48 OK
r-release-macos-x86_64 1.3.14 OK
r-release-windows-ix86+x86_64 1.3.14 38.00 192.00 230.00 OK
r-oldrel-macos-x86_64 1.3.14 OK
r-oldrel-windows-ix86+x86_64 1.3.14 54.00 247.00 301.00 OK

Check Details

Version: 1.3.14
Check: package dependencies
Result: NOTE
    Imports includes 26 non-default packages.
    Importing from so many packages makes the package vulnerable to any of
    them becoming unavailable. Move as many as possible to Suggests and
    use conditionally.
Flavor: r-devel-linux-x86_64-fedora-clang