CRAN Package Check Results for Package ragg

Last updated on 2020-09-25 06:50:07 CEST.

Flavor Version Tinstall Tcheck Ttotal Status Flags
r-devel-linux-x86_64-debian-clang 0.3.1 49.09 28.99 78.08 OK
r-devel-linux-x86_64-debian-gcc 0.3.1 42.42 22.72 65.14 OK
r-devel-linux-x86_64-fedora-clang 0.3.1 123.75 NOTE
r-devel-linux-x86_64-fedora-gcc 0.3.1 105.72 OK
r-devel-windows-ix86+x86_64 0.3.1 124.00 86.00 210.00 NOTE
r-patched-linux-x86_64 0.3.1 43.78 28.52 72.30 OK
r-patched-solaris-x86 0.3.1 141.90 OK
r-release-linux-x86_64 0.3.1 45.74 28.79 74.53 OK
r-release-macos-x86_64 0.3.1 NOTE
r-release-windows-ix86+x86_64 0.3.1 107.00 94.00 201.00 NOTE
r-oldrel-macos-x86_64 0.3.1 NOTE
r-oldrel-windows-ix86+x86_64 0.3.1 110.00 93.00 203.00 NOTE

Check Details

Version: 0.3.1
Check: installed package size
Result: NOTE
     installed size is 6.0Mb
     sub-directories of 1Mb or more:
     libs 5.7Mb
Flavors: r-devel-linux-x86_64-fedora-clang, r-devel-windows-ix86+x86_64, r-release-macos-x86_64, r-release-windows-ix86+x86_64, r-oldrel-macos-x86_64, r-oldrel-windows-ix86+x86_64