CRAN Package Check Results for Package randgeo

Last updated on 2022-01-23 07:14:10 CET.

Flavor Version Tinstall Tcheck Ttotal Status Flags
r-devel-linux-x86_64-debian-clang 0.3.0 1.66 34.89 36.55 NOTE
r-devel-linux-x86_64-debian-gcc 0.3.0 1.61 29.88 31.49 NOTE
r-devel-linux-x86_64-fedora-clang 0.3.0 47.38 NOTE
r-devel-linux-x86_64-fedora-gcc 0.3.0 34.84 NOTE
r-devel-windows-x86_64-new-UL 0.3.0 33.00 70.00 103.00 NOTE
r-devel-windows-x86_64-new-TK 0.3.0 NOTE
r-patched-linux-x86_64 0.3.0 1.90 33.42 35.32 NOTE
r-release-linux-x86_64 0.3.0 2.29 33.10 35.39 NOTE
r-release-macos-arm64 0.3.0 NOTE
r-release-macos-x86_64 0.3.0 NOTE
r-release-windows-ix86+x86_64 0.3.0 6.00 48.00 54.00 NOTE
r-oldrel-macos-x86_64 0.3.0 OK
r-oldrel-windows-ix86+x86_64 0.3.0 6.00 46.00 52.00 OK

Check Details

Version: 0.3.0
Check: LazyData
Result: NOTE
     'LazyData' is specified without a 'data' directory
Flavors: r-devel-linux-x86_64-debian-clang, r-devel-linux-x86_64-debian-gcc, r-devel-linux-x86_64-fedora-clang, r-devel-linux-x86_64-fedora-gcc, r-devel-windows-x86_64-new-UL, r-devel-windows-x86_64-new-TK, r-patched-linux-x86_64, r-release-linux-x86_64, r-release-macos-arm64, r-release-macos-x86_64, r-release-windows-ix86+x86_64