Last updated on 2021-01-23 06:48:24 CET.
Flavor | Version | Tinstall | Tcheck | Ttotal | Status | Flags |
---|---|---|---|---|---|---|
r-devel-linux-x86_64-debian-clang | 1.4-0.0 | 4.65 | 32.71 | 37.36 | OK | |
r-devel-linux-x86_64-debian-gcc | 1.4-0.0 | 3.66 | 25.48 | 29.14 | OK | |
r-devel-linux-x86_64-fedora-clang | 1.4-0.0 | 53.87 | OK | |||
r-devel-linux-x86_64-fedora-gcc | 1.4-0.0 | 45.08 | OK | |||
r-devel-windows-ix86+x86_64 | 1.4-0.0 | 10.00 | 39.00 | 49.00 | OK | |
r-patched-linux-x86_64 | 1.4-0.0 | 4.49 | 31.06 | 35.55 | OK | |
r-patched-solaris-x86 | 1.4-0.0 | 69.60 | WARN | |||
r-release-linux-x86_64 | 1.4-0.0 | 4.73 | 31.01 | 35.74 | OK | |
r-release-macos-x86_64 | 1.4-0.0 | WARN | ||||
r-release-windows-ix86+x86_64 | 1.4-0.0 | 28.00 | 51.00 | 79.00 | OK | |
r-oldrel-macos-x86_64 | 1.4-0.0 | WARN | ||||
r-oldrel-windows-ix86+x86_64 | 1.4-0.0 | 6.00 | 34.00 | 40.00 | OK |
Version: 1.4-0.0
Check: re-building of vignette outputs
Result: WARN
Error(s) in re-building vignettes:
...
--- re-building ‘randomNames.Rmd’ using rmarkdown
Warning in engine$weave(file, quiet = quiet, encoding = enc) :
Pandoc (>= 1.12.3) and/or pandoc-citeproc not available. Falling back to R Markdown v1.
Quitting from lines 13-26 (randomNames.Rmd)
Error: processing vignette 'randomNames.Rmd' failed with diagnostics:
argument is of length zero
--- failed re-building ‘randomNames.Rmd’
SUMMARY: processing the following file failed:
‘randomNames.Rmd’
Error: Vignette re-building failed.
Execution halted
Flavors: r-patched-solaris-x86, r-release-macos-x86_64, r-oldrel-macos-x86_64