CRAN Package Check Results for Package rangeModelMetadata

Last updated on 2020-12-04 06:46:57 CET.

Flavor Version Tinstall Tcheck Ttotal Status Flags
r-devel-linux-x86_64-debian-clang 0.1.3 4.96 108.94 113.90 OK
r-devel-linux-x86_64-debian-gcc 0.1.3 3.79 83.06 86.85 OK
r-devel-linux-x86_64-fedora-clang 0.1.3 113.27 NOTE
r-devel-linux-x86_64-fedora-gcc 0.1.3 114.66 NOTE
r-devel-windows-ix86+x86_64 0.1.3 8.00 143.00 151.00 OK
r-patched-linux-x86_64 0.1.3 4.35 104.95 109.30 OK
r-patched-solaris-x86 0.1.3 203.20 NOTE
r-release-linux-x86_64 0.1.3 4.61 103.38 107.99 OK
r-release-macos-x86_64 0.1.3 NOTE
r-release-windows-ix86+x86_64 0.1.3 6.00 116.00 122.00 OK
r-oldrel-macos-x86_64 0.1.3 NOTE
r-oldrel-windows-ix86+x86_64 0.1.3 16.00 136.00 152.00 OK

Check Details

Version: 0.1.3
Check: dependencies in R code
Result: NOTE
    Namespaces in Imports field not imported from:
     ‘MASS’ ‘dplyr’ ‘jsonlite’ ‘rgbif’ ‘rgdal’ ‘rgeos’ ‘sp’ ‘spThin’
     ‘spatstat’
     All declared Imports should be used.
Flavors: r-devel-linux-x86_64-fedora-clang, r-devel-linux-x86_64-fedora-gcc, r-patched-solaris-x86, r-release-macos-x86_64, r-oldrel-macos-x86_64