Last updated on 2023-03-25 05:50:41 CET.
Flavor | Version | Tinstall | Tcheck | Ttotal | Status | Flags |
---|---|---|---|---|---|---|
r-devel-linux-x86_64-debian-clang | 1.2.0 | 1.83 | 18.29 | 20.12 | NOTE | |
r-devel-linux-x86_64-debian-gcc | 1.2.0 | 1.29 | 14.72 | 16.01 | NOTE | |
r-devel-linux-x86_64-fedora-clang | 1.2.0 | 26.51 | NOTE | |||
r-devel-linux-x86_64-fedora-gcc | 1.2.0 | 24.52 | NOTE | |||
r-patched-linux-x86_64 | 1.2.0 | 1.87 | 19.61 | 21.48 | NOTE | |
r-release-linux-x86_64 | 1.2.0 | 1.64 | 19.89 | 21.53 | NOTE | |
r-release-macos-arm64 | 1.2.0 | 14.00 | NOTE | |||
r-release-macos-x86_64 | 1.2.0 | 20.00 | NOTE | |||
r-release-windows-x86_64 | 1.2.0 | 8.00 | 41.00 | 49.00 | NOTE | |
r-oldrel-macos-arm64 | 1.2.0 | 15.00 | NOTE | |||
r-oldrel-macos-x86_64 | 1.2.0 | 23.00 | NOTE | |||
r-oldrel-windows-ix86+x86_64 | 1.2.0 | 4.00 | 25.00 | 29.00 | NOTE |
Version: 1.2.0
Check: LazyData
Result: NOTE
'LazyData' is specified without a 'data' directory
Flavors: r-devel-linux-x86_64-debian-clang, r-devel-linux-x86_64-debian-gcc, r-devel-linux-x86_64-fedora-clang, r-devel-linux-x86_64-fedora-gcc, r-patched-linux-x86_64, r-release-linux-x86_64, r-release-macos-arm64, r-release-macos-x86_64, r-release-windows-x86_64, r-oldrel-macos-arm64, r-oldrel-macos-x86_64, r-oldrel-windows-ix86+x86_64