CRAN Package Check Results for Package rappdirs

Last updated on 2020-12-01 06:50:12 CET.

Flavor Version Tinstall Tcheck Ttotal Status Flags
r-devel-linux-x86_64-debian-clang 0.3.1 3.54 26.91 30.45 OK
r-devel-linux-x86_64-debian-gcc 0.3.1 2.23 24.95 27.18 OK
r-devel-linux-x86_64-fedora-clang 0.3.1 43.66 NOTE
r-devel-linux-x86_64-fedora-gcc 0.3.1 34.20 NOTE
r-devel-windows-ix86+x86_64 0.3.1 15.00 41.00 56.00 OK
r-patched-linux-x86_64 0.3.1 3.63 31.63 35.26 OK
r-patched-solaris-x86 0.3.1 53.60 OK
r-release-linux-x86_64 0.3.1 2.45 28.02 30.47 OK
r-release-macos-x86_64 0.3.1 OK
r-release-windows-ix86+x86_64 0.3.1 16.00 37.00 53.00 OK
r-oldrel-macos-x86_64 0.3.1 OK
r-oldrel-windows-ix86+x86_64 0.3.1 8.00 50.00 58.00 OK

Check Details

Version: 0.3.1
Check: compiled code
Result: NOTE
    File ‘rappdirs/libs/rappdirs.so’:
     Found no calls to: ‘R_registerRoutines’, ‘R_useDynamicSymbols’
    
    It is good practice to register native routines and to disable symbol
    search.
    
    See ‘Writing portable packages’ in the ‘Writing R Extensions’ manual.
Flavors: r-devel-linux-x86_64-fedora-clang, r-devel-linux-x86_64-fedora-gcc