CRAN Package Check Results for Package rarms

Last updated on 2022-01-26 06:50:25 CET.

Flavor Version Tinstall Tcheck Ttotal Status Flags
r-devel-linux-x86_64-debian-clang 1.0.0 1.79 27.88 29.67 NOTE
r-devel-linux-x86_64-debian-gcc 1.0.0 1.51 22.33 23.84 NOTE
r-devel-linux-x86_64-fedora-clang 1.0.0 37.19 NOTE
r-devel-linux-x86_64-fedora-gcc 1.0.0 26.39 NOTE
r-devel-windows-x86_64-new-UL 1.0.0 12.00 44.00 56.00 NOTE
r-devel-windows-x86_64-new-TK 1.0.0 NOTE
r-patched-linux-x86_64 1.0.0 1.76 26.83 28.59 NOTE
r-release-linux-x86_64 1.0.0 1.53 26.81 28.34 NOTE
r-release-macos-arm64 1.0.0 NOTE
r-release-macos-x86_64 1.0.0 NOTE
r-release-windows-ix86+x86_64 1.0.0 6.00 35.00 41.00 NOTE
r-oldrel-macos-x86_64 1.0.0 OK
r-oldrel-windows-ix86+x86_64 1.0.0 5.00 34.00 39.00 OK

Check Details

Version: 1.0.0
Check: LazyData
Result: NOTE
     'LazyData' is specified without a 'data' directory
Flavors: r-devel-linux-x86_64-debian-clang, r-devel-linux-x86_64-debian-gcc, r-devel-linux-x86_64-fedora-clang, r-devel-linux-x86_64-fedora-gcc, r-devel-windows-x86_64-new-UL, r-devel-windows-x86_64-new-TK, r-patched-linux-x86_64, r-release-linux-x86_64, r-release-macos-arm64, r-release-macos-x86_64, r-release-windows-ix86+x86_64