CRAN Package Check Results for Package raster

Last updated on 2021-11-28 06:48:49 CET.

Flavor Version Tinstall Tcheck Ttotal Status Flags
r-devel-linux-x86_64-debian-clang 3.5-2 OK
r-devel-linux-x86_64-debian-gcc 3.5-2 171.13 313.38 484.51 OK
r-devel-linux-x86_64-fedora-clang 3.5-2 896.25 NOTE
r-devel-linux-x86_64-fedora-gcc 3.5-2 864.56 OK
r-devel-windows-x86_64-new-UL 3.5-2 357.00 546.00 903.00 NOTE
r-devel-windows-x86_64-new-TK 3.5-2 OK
r-devel-windows-x86_64-old 3.5-2 242.00 438.00 680.00 NOTE
r-patched-linux-x86_64 3.5-2 215.69 419.38 635.07 OK
r-patched-solaris-x86 3.5-2 816.00 NOTE
r-release-linux-x86_64 3.5-2 198.40 419.11 617.51 OK
r-release-macos-arm64 3.5-2 NOTE
r-release-macos-x86_64 3.5-2 NOTE
r-release-windows-ix86+x86_64 3.5-2 524.00 682.00 1206.00 NOTE
r-oldrel-macos-x86_64 3.5-2 NOTE
r-oldrel-windows-ix86+x86_64 3.5-2 393.00 712.00 1105.00 NOTE

Check Details

Version: 3.5-2
Check: installed package size
Result: NOTE
     installed size is 10.0Mb
     sub-directories of 1Mb or more:
     R 3.0Mb
     libs 6.0Mb
Flavors: r-devel-linux-x86_64-fedora-clang, r-devel-windows-x86_64-new-UL, r-devel-windows-x86_64-old, r-patched-solaris-x86, r-release-macos-arm64, r-release-macos-x86_64, r-release-windows-ix86+x86_64, r-oldrel-macos-x86_64, r-oldrel-windows-ix86+x86_64