Last updated on 2025-01-19 06:48:31 CET.
Flavor | Version | Tinstall | Tcheck | Ttotal | Status | Flags |
---|---|---|---|---|---|---|
r-devel-linux-x86_64-debian-clang | 1.3.1 | 425.26 | 177.22 | 602.48 | NOTE | |
r-devel-linux-x86_64-debian-gcc | 1.3.1 | 419.60 | 157.92 | 577.52 | NOTE | |
r-devel-linux-x86_64-fedora-clang | 1.3.1 | 969.26 | NOTE | |||
r-devel-linux-x86_64-fedora-gcc | 1.3.1 | 1385.77 | NOTE | |||
r-devel-windows-x86_64 | 1.3.1 | 425.00 | 234.00 | 659.00 | NOTE | |
r-patched-linux-x86_64 | 1.3.1 | 471.64 | 213.34 | 684.98 | NOTE | |
r-release-linux-x86_64 | 1.3.1 | 544.62 | 214.59 | 759.21 | NOTE | |
r-release-macos-arm64 | 1.3.1 | 245.00 | NOTE | |||
r-release-macos-x86_64 | 1.3.1 | 291.00 | NOTE | |||
r-release-windows-x86_64 | 1.3.1 | 418.00 | 231.00 | 649.00 | NOTE | |
r-oldrel-macos-arm64 | 1.3.1 | 428.00 | NOTE | |||
r-oldrel-macos-x86_64 | 1.3.1 | 583.00 | NOTE | |||
r-oldrel-windows-x86_64 | 1.3.1 | 541.00 | 284.00 | 825.00 | NOTE |
Version: 1.3.1
Check: Rd files
Result: NOTE
checkRd: (-1) as_mcmc.list.Rd:5: Lost braces; missing escapes or markup?
5 | \title{Convert a rater_fit object to a {coda} \code{mcmc.list} object.}
| ^
checkRd: (-1) as_mcmc.list.Rd:16: Lost braces; missing escapes or markup?
16 | Convert a rater_fit object to a {coda} \code{mcmc.list} object.
| ^
checkRd: (-1) as_mcmc.list.Rd:13: Lost braces; missing escapes or markup?
13 | A {coda} mcmc.list object.
| ^
Flavors: r-devel-linux-x86_64-debian-clang, r-devel-linux-x86_64-debian-gcc, r-devel-linux-x86_64-fedora-clang, r-devel-linux-x86_64-fedora-gcc, r-devel-windows-x86_64, r-patched-linux-x86_64, r-release-linux-x86_64, r-release-macos-arm64, r-release-macos-x86_64, r-release-windows-x86_64
Version: 1.3.1
Check: for GNU extensions in Makefiles
Result: NOTE
GNU make is a SystemRequirements.
Flavors: r-patched-linux-x86_64, r-release-linux-x86_64, r-release-macos-arm64, r-release-macos-x86_64, r-release-windows-x86_64, r-oldrel-macos-arm64, r-oldrel-macos-x86_64, r-oldrel-windows-x86_64
Version: 1.3.1
Check: installed package size
Result: NOTE
installed size is 93.3Mb
sub-directories of 1Mb or more:
libs 92.5Mb
Flavors: r-release-macos-arm64, r-release-macos-x86_64, r-release-windows-x86_64, r-oldrel-macos-arm64, r-oldrel-macos-x86_64, r-oldrel-windows-x86_64