Last updated on 2021-01-25 06:46:30 CET.
Flavor | Version | Tinstall | Tcheck | Ttotal | Status | Flags |
---|---|---|---|---|---|---|
r-devel-linux-x86_64-debian-clang | 5.4.0 | 24.57 | 107.98 | 132.55 | NOTE | |
r-devel-linux-x86_64-debian-gcc | 5.4.0 | 19.58 | 78.64 | 98.22 | NOTE | |
r-devel-linux-x86_64-fedora-clang | 5.4.0 | 165.30 | NOTE | |||
r-devel-linux-x86_64-fedora-gcc | 5.4.0 | 155.08 | NOTE | |||
r-devel-windows-ix86+x86_64 | 5.4.0 | 37.00 | 107.00 | 144.00 | NOTE | |
r-patched-linux-x86_64 | 5.4.0 | 22.77 | 94.67 | 117.44 | NOTE | |
r-patched-solaris-x86 | 5.4.0 | 201.80 | NOTE | |||
r-release-linux-x86_64 | 5.4.0 | 22.39 | 96.41 | 118.80 | NOTE | |
r-release-macos-x86_64 | 5.4.0 | NOTE | ||||
r-release-windows-ix86+x86_64 | 5.4.0 | 38.00 | 86.00 | 124.00 | NOTE | |
r-oldrel-macos-x86_64 | 5.4.0 | NOTE | ||||
r-oldrel-windows-ix86+x86_64 | 5.4.0 | 30.00 | 100.00 | 130.00 | NOTE |
Version: 5.4.0
Check: package dependencies
Result: NOTE
Package suggested but not available for checking: 'rggobi'
Flavors: r-devel-linux-x86_64-debian-clang, r-devel-linux-x86_64-debian-gcc, r-devel-linux-x86_64-fedora-clang, r-devel-linux-x86_64-fedora-gcc, r-patched-linux-x86_64, r-patched-solaris-x86, r-release-linux-x86_64, r-release-macos-x86_64, r-oldrel-macos-x86_64
Version: 5.4.0
Check: installed package size
Result: NOTE
installed size is 8.5Mb
sub-directories of 1Mb or more:
data 3.6Mb
etc 1.9Mb
po 1.2Mb
Flavors: r-devel-linux-x86_64-fedora-clang, r-devel-windows-ix86+x86_64, r-patched-solaris-x86, r-release-macos-x86_64, r-release-windows-ix86+x86_64, r-oldrel-macos-x86_64, r-oldrel-windows-ix86+x86_64
Version: 5.4.0
Check: dependencies in R code
Result: NOTE
No protocol specified
(R:23424): Gtk-WARNING **: gtk_disable_setlocale() must be called before gtk_init()
No protocol specified
Flavor: r-oldrel-macos-x86_64