Last updated on 2023-04-01 07:10:48 CEST.
Flavor | Version | Tinstall | Tcheck | Ttotal | Status | Flags |
---|---|---|---|---|---|---|
r-devel-linux-x86_64-debian-clang | 0.29.4 | 501.18 | 85.12 | 586.30 | OK | |
r-devel-linux-x86_64-debian-gcc | 0.29.4 | 375.69 | 63.85 | 439.54 | OK | |
r-devel-linux-x86_64-fedora-clang | 0.29.4 | 844.86 | OK | |||
r-devel-linux-x86_64-fedora-gcc | 0.29.4 | 759.61 | OK | |||
r-devel-windows-x86_64 | 0.29.4 | 446.00 | 0.00 | 446.00 | NOTE | |
r-patched-linux-x86_64 | 0.29.4 | 403.50 | 81.43 | 484.93 | OK | |
r-release-linux-x86_64 | 0.29.4 | 411.67 | 76.18 | 487.85 | OK | |
r-release-macos-arm64 | 0.29.4 | 153.00 | NOTE | |||
r-release-macos-x86_64 | 0.29.4 | 213.00 | NOTE | |||
r-release-windows-x86_64 | 0.29.4 | 520.00 | 145.00 | 665.00 | OK | |
r-oldrel-macos-arm64 | 0.29.4 | 146.00 | NOTE | |||
r-oldrel-macos-x86_64 | 0.29.4 | 220.00 | NOTE | |||
r-oldrel-windows-ix86+x86_64 | 0.29.4 | 1195.00 | 149.00 | 1344.00 | NOTE |
Version: 0.29.4
Check: HTML version of manual
Result: NOTE
Encountered the following conversion/validation errors:
'CreateProcess' failed to run 'd:\rtools43\x86_64-w64-mingw32.static.posix\bin\tidy.exe -language en -qe --drop-empty-elements no D:\temp\RtmpU1GYTt\file246a47a1e4421'
'CreateProcess' failed to run 'd:\rtools43\x86_64-w64-mingw32.static.posix\bin\tidy.exe -language en -qe --drop-empty-elements no D:\temp\RtmpU1GYTt\file246a47a1e4421'
'CreateProcess' failed to run 'd:\rtools43\x86_64-w64-mingw32.static.posix\bin\tidy.exe -language en -qe --drop-empty-elements no D:\temp\RtmpU1GYTt\file246a47a1e4421'
Flavor: r-devel-windows-x86_64
Version: 0.29.4
Check: installed package size
Result: NOTE
installed size is 20.0Mb
sub-directories of 1Mb or more:
libs 19.3Mb
Flavors: r-release-macos-arm64, r-release-macos-x86_64, r-oldrel-macos-arm64, r-oldrel-macos-x86_64, r-oldrel-windows-ix86+x86_64