CRAN Package Check Results for Package rb3

Last updated on 2024-05-22 06:56:50 CEST.

Flavor Version Tinstall Tcheck Ttotal Status Flags
r-devel-linux-x86_64-debian-clang 0.0.10 24.95 230.14 255.09 OK
r-devel-linux-x86_64-debian-gcc 0.0.10 15.07 156.51 171.58 ERROR
r-devel-linux-x86_64-fedora-clang 0.0.10 312.79 OK
r-devel-linux-x86_64-fedora-gcc 0.0.10 302.33 OK
r-devel-windows-x86_64 0.0.10 25.00 249.00 274.00 OK
r-patched-linux-x86_64 0.0.10 13.34 216.11 229.45 OK
r-release-linux-x86_64 0.0.10 13.12 216.72 229.84 OK
r-release-macos-arm64 0.0.10 155.00 OK
r-release-windows-x86_64 0.0.10 26.00 247.00 273.00 OK
r-oldrel-macos-arm64 0.0.10 161.00 OK
r-oldrel-macos-x86_64 0.0.10 256.00 OK
r-oldrel-windows-x86_64 0.0.10 30.00 289.00 319.00 OK

Check Details

Version: 0.0.10
Check: re-building of vignette outputs
Result: ERROR Error(s) in re-building vignettes: ... --- re-building ‘B3-Indexes.Rmd’ using rmarkdown Quitting from lines 32-33 [unnamed-chunk-2] (B3-Indexes.Rmd) Error: processing vignette 'B3-Indexes.Rmd' failed with diagnostics: Timeout was reached: [sistemaswebb3-listados.b3.com.br] SSL connection timeout --- failed re-building ‘B3-Indexes.Rmd’ --- re-building ‘Fetching-historical-future-rates.Rmd’ using rmarkdown ** Processing: /home/hornik/tmp/R.check/r-devel-gcc/Work/PKGS/rb3.Rcheck/vign_test/rb3/vignettes/Fetching-historical-future-rates_files/figure-html/unnamed-chunk-2-1.png 864x576 pixels, 3x8 bits/pixel, RGB Input IDAT size = 50158 bytes Input file size = 50308 bytes Trying: zc = 9 zm = 8 zs = 0 f = 0 IDAT size = 43216 zc = 9 zm = 8 zs = 1 f = 0 zc = 1 zm = 8 zs = 2 f = 0 zc = 9 zm = 8 zs = 3 f = 0 zc = 9 zm = 8 zs = 0 f = 5 zc = 9 zm = 8 zs = 1 f = 5 zc = 1 zm = 8 zs = 2 f = 5 zc = 9 zm = 8 zs = 3 f = 5 Selecting parameters: zc = 9 zm = 8 zs = 0 f = 0 IDAT size = 43216 Output IDAT size = 43216 bytes (6942 bytes decrease) Output file size = 43294 bytes (7014 bytes = 13.94% decrease) ** Processing: /home/hornik/tmp/R.check/r-devel-gcc/Work/PKGS/rb3.Rcheck/vign_test/rb3/vignettes/Fetching-historical-future-rates_files/figure-html/unnamed-chunk-3-1.png 864x576 pixels, 3x8 bits/pixel, RGB Input IDAT size = 46829 bytes Input file size = 46967 bytes Trying: zc = 9 zm = 8 zs = 0 f = 0 IDAT size = 40684 zc = 9 zm = 8 zs = 1 f = 0 zc = 1 zm = 8 zs = 2 f = 0 zc = 9 zm = 8 zs = 3 f = 0 zc = 9 zm = 8 zs = 0 f = 5 zc = 9 zm = 8 zs = 1 f = 5 zc = 1 zm = 8 zs = 2 f = 5 zc = 9 zm = 8 zs = 3 f = 5 Selecting parameters: zc = 9 zm = 8 zs = 0 f = 0 IDAT size = 40684 Output IDAT size = 40684 bytes (6145 bytes decrease) Output file size = 40762 bytes (6205 bytes = 13.21% decrease) ** Processing: /home/hornik/tmp/R.check/r-devel-gcc/Work/PKGS/rb3.Rcheck/vign_test/rb3/vignettes/Fetching-historical-future-rates_files/figure-html/unnamed-chunk-4-1.png 864x576 pixels, 8 bits/pixel, 256 colors in palette Reducing image to 8 bits/pixel, grayscale Input IDAT size = 15932 bytes Input file size = 16802 bytes Trying: zc = 9 zm = 8 zs = 0 f = 0 IDAT size = 13515 zc = 9 zm = 8 zs = 1 f = 0 zc = 1 zm = 8 zs = 2 f = 0 zc = 9 zm = 8 zs = 3 f = 0 zc = 9 zm = 8 zs = 0 f = 5 zc = 9 zm = 8 zs = 1 f = 5 zc = 1 zm = 8 zs = 2 f = 5 zc = 9 zm = 8 zs = 3 f = 5 Selecting parameters: zc = 9 zm = 8 zs = 0 f = 0 IDAT size = 13515 Output IDAT size = 13515 bytes (2417 bytes decrease) Output file size = 13593 bytes (3209 bytes = 19.10% decrease) ** Processing: /home/hornik/tmp/R.check/r-devel-gcc/Work/PKGS/rb3.Rcheck/vign_test/rb3/vignettes/Fetching-historical-future-rates_files/figure-html/unnamed-chunk-6-1.png 864x576 pixels, 8 bits/pixel, 256 colors in palette Reducing image to 8 bits/pixel, grayscale Input IDAT size = 19749 bytes Input file size = 20631 bytes Trying: zc = 9 zm = 8 zs = 0 f = 0 IDAT size = 17110 zc = 9 zm = 8 zs = 1 f = 0 zc = 1 zm = 8 zs = 2 f = 0 zc = 9 zm = 8 zs = 3 f = 0 zc = 9 zm = 8 zs = 0 f = 5 zc = 9 zm = 8 zs = 1 f = 5 zc = 1 zm = 8 zs = 2 f = 5 zc = 9 zm = 8 zs = 3 f = 5 Selecting parameters: zc = 9 zm = 8 zs = 0 f = 0 IDAT size = 17110 Output IDAT size = 17110 bytes (2639 bytes decrease) Output file size = 17188 bytes (3443 bytes = 16.69% decrease) --- finished re-building ‘Fetching-historical-future-rates.Rmd’ --- re-building ‘Fetching-historical-yield-curve.Rmd’ using rmarkdown ** Processing: /home/hornik/tmp/R.check/r-devel-gcc/Work/PKGS/rb3.Rcheck/vign_test/rb3/vignettes/Fetching-historical-yield-curve_files/figure-html/unnamed-chunk-3-1.png 864x576 pixels, 3x8 bits/pixel, RGB Input IDAT size = 43165 bytes Input file size = 43303 bytes Trying: zc = 9 zm = 8 zs = 0 f = 0 IDAT size = 39685 zc = 9 zm = 8 zs = 1 f = 0 zc = 1 zm = 8 zs = 2 f = 0 zc = 9 zm = 8 zs = 3 f = 0 zc = 9 zm = 8 zs = 0 f = 5 zc = 9 zm = 8 zs = 1 f = 5 zc = 1 zm = 8 zs = 2 f = 5 zc = 9 zm = 8 zs = 3 f = 5 Selecting parameters: zc = 9 zm = 8 zs = 0 f = 0 IDAT size = 39685 Output IDAT size = 39685 bytes (3480 bytes decrease) Output file size = 39763 bytes (3540 bytes = 8.17% decrease) ** Processing: /home/hornik/tmp/R.check/r-devel-gcc/Work/PKGS/rb3.Rcheck/vign_test/rb3/vignettes/Fetching-historical-yield-curve_files/figure-html/unnamed-chunk-6-1.png 864x576 pixels, 3x8 bits/pixel, RGB Input IDAT size = 46710 bytes Input file size = 46848 bytes Trying: zc = 9 zm = 8 zs = 0 f = 0 IDAT size = 42322 zc = 9 zm = 8 zs = 1 f = 0 zc = 1 zm = 8 zs = 2 f = 0 zc = 9 zm = 8 zs = 3 f = 0 zc = 9 zm = 8 zs = 0 f = 5 zc = 9 zm = 8 zs = 1 f = 5 zc = 1 zm = 8 zs = 2 f = 5 zc = 9 zm = 8 zs = 3 f = 5 Selecting parameters: zc = 9 zm = 8 zs = 0 f = 0 IDAT size = 42322 Output IDAT size = 42322 bytes (4388 bytes decrease) Output file size = 42400 bytes (4448 bytes = 9.49% decrease) ** Processing: /home/hornik/tmp/R.check/r-devel-gcc/Work/PKGS/rb3.Rcheck/vign_test/rb3/vignettes/Fetching-historical-yield-curve_files/figure-html/unnamed-chunk-9-1.png 864x576 pixels, 3x8 bits/pixel, RGB Input IDAT size = 43713 bytes Input file size = 43851 bytes Trying: zc = 9 zm = 8 zs = 0 f = 0 IDAT size = 39060 zc = 9 zm = 8 zs = 1 f = 0 zc = 1 zm = 8 zs = 2 f = 0 zc = 9 zm = 8 zs = 3 f = 0 zc = 9 zm = 8 zs = 0 f = 5 zc = 9 zm = 8 zs = 1 f = 5 zc = 1 zm = 8 zs = 2 f = 5 zc = 9 zm = 8 zs = 3 f = 5 Selecting parameters: zc = 9 zm = 8 zs = 0 f = 0 IDAT size = 39060 Output IDAT size = 39060 bytes (4653 bytes decrease) Output file size = 39138 bytes (4713 bytes = 10.75% decrease) --- finished re-building ‘Fetching-historical-yield-curve.Rmd’ SUMMARY: processing the following file failed: ‘B3-Indexes.Rmd’ Error: Vignette re-building failed. Execution halted Flavor: r-devel-linux-x86_64-debian-gcc