CRAN Package Check Results for Package rbioacc

Last updated on 2025-01-19 06:48:31 CET.

Flavor Version Tinstall Tcheck Ttotal Status Flags
r-devel-linux-x86_64-debian-clang 1.2.1 384.18 190.64 574.82 OK
r-devel-linux-x86_64-debian-gcc 1.2.1 349.97 162.56 512.53 OK
r-devel-linux-x86_64-fedora-clang 1.2.1 901.73 OK
r-devel-linux-x86_64-fedora-gcc 1.2.1 1213.33 OK
r-devel-windows-x86_64 1.2.1 330.00 232.00 562.00 OK
r-patched-linux-x86_64 1.2.1 388.46 214.92 603.38 NOTE
r-release-linux-x86_64 1.2.1 439.74 215.23 654.97 NOTE
r-release-macos-arm64 1.2.1 247.00 NOTE
r-release-macos-x86_64 1.2.1 267.00 NOTE
r-release-windows-x86_64 1.2.1 340.00 226.00 566.00 NOTE
r-oldrel-macos-arm64 1.2.1 174.00 NOTE
r-oldrel-macos-x86_64 1.2.1 184.00 NOTE
r-oldrel-windows-x86_64 1.2.1 444.00 278.00 722.00 NOTE

Check Details

Version: 1.2.1
Check: for GNU extensions in Makefiles
Result: NOTE GNU make is a SystemRequirements. Flavors: r-patched-linux-x86_64, r-release-linux-x86_64, r-release-macos-arm64, r-release-macos-x86_64, r-release-windows-x86_64, r-oldrel-macos-arm64, r-oldrel-macos-x86_64, r-oldrel-windows-x86_64

Version: 1.2.1
Check: installed package size
Result: NOTE installed size is 66.0Mb sub-directories of 1Mb or more: libs 65.4Mb Flavors: r-release-macos-arm64, r-release-macos-x86_64, r-oldrel-macos-arm64, r-oldrel-macos-x86_64