CRAN Package Check Results for Package rbokeh

Last updated on 2021-01-28 06:50:03 CET.

Flavor Version Tinstall Tcheck Ttotal Status Flags
r-devel-linux-x86_64-debian-clang 0.5.1 12.51 115.79 128.30 OK
r-devel-linux-x86_64-debian-gcc 0.5.1 10.31 85.71 96.02 OK
r-devel-linux-x86_64-fedora-clang 0.5.1 158.73 NOTE
r-devel-linux-x86_64-fedora-gcc 0.5.1 149.83 NOTE
r-devel-windows-ix86+x86_64 0.5.1 29.00 135.00 164.00 OK
r-patched-linux-x86_64 0.5.1 12.26 106.94 119.20 OK
r-patched-solaris-x86 0.5.1 194.80 NOTE
r-release-linux-x86_64 0.5.1 13.83 107.79 121.62 OK
r-release-macos-x86_64 0.5.1 NOTE
r-release-windows-ix86+x86_64 0.5.1 27.00 112.00 139.00 OK
r-oldrel-macos-x86_64 0.5.1 NOTE
r-oldrel-windows-ix86+x86_64 0.5.1 27.00 136.00 163.00 OK

Check Details

Version: 0.5.1
Check: dependencies in R code
Result: NOTE
    Namespace in Imports field not imported from: ‘ggplot2’
     All declared Imports should be used.
Flavors: r-devel-linux-x86_64-fedora-clang, r-devel-linux-x86_64-fedora-gcc, r-patched-solaris-x86, r-release-macos-x86_64, r-oldrel-macos-x86_64