CRAN Package Check Results for Package rcompanion

Last updated on 2024-07-22 06:49:17 CEST.

Flavor Version Tinstall Tcheck Ttotal Status Flags
r-devel-linux-x86_64-debian-clang 2.4.36 17.30 171.60 188.90 OK
r-devel-linux-x86_64-debian-gcc 2.4.36 16.40 123.64 140.04 NOTE
r-devel-linux-x86_64-fedora-clang 2.4.36 243.92 OK
r-devel-linux-x86_64-fedora-gcc 2.4.36 215.93 OK
r-devel-windows-x86_64 2.4.36 19.00 154.00 173.00 NOTE
r-patched-linux-x86_64 2.4.36 19.80 158.87 178.67 OK
r-release-linux-x86_64 2.4.36 12.25 159.37 171.62 OK
r-release-macos-arm64 2.4.36 61.00 OK
r-release-macos-x86_64 2.4.36 92.00 OK
r-release-windows-x86_64 2.4.36 18.00 153.00 171.00 OK
r-oldrel-macos-arm64 2.4.36 66.00 OK
r-oldrel-macos-x86_64 2.4.36 134.00 OK
r-oldrel-windows-x86_64 2.4.36 24.00 184.00 208.00 OK

Check Details

Version: 2.4.36
Check: Rd cross-references
Result: NOTE Found the following Rd file(s) with Rd \link{} targets missing package anchors: groupwiseMean.Rd: boot.ci groupwisePercentile.Rd: boot.ci Please provide package anchors for all Rd \link{} targets not in the package itself and the base packages. Flavors: r-devel-linux-x86_64-debian-gcc, r-devel-windows-x86_64