CRAN Package Check Results for Package rcrypt

Last updated on 2022-01-26 06:50:26 CET.

Flavor Version Tinstall Tcheck Ttotal Status Flags
r-devel-linux-x86_64-debian-clang 0.1.1 1.66 34.67 36.33 NOTE
r-devel-linux-x86_64-debian-gcc 0.1.1 1.21 26.75 27.96 NOTE
r-devel-linux-x86_64-fedora-clang 0.1.1 45.04 NOTE
r-devel-linux-x86_64-fedora-gcc 0.1.1 34.15 NOTE
r-devel-windows-x86_64-new-UL 0.1.1 15.00 57.00 72.00 ERROR
r-devel-windows-x86_64-new-TK 0.1.1 ERROR
r-patched-linux-x86_64 0.1.1 1.55 32.72 34.27 NOTE
r-release-linux-x86_64 0.1.1 1.34 32.85 34.19 NOTE
r-release-macos-arm64 0.1.1 ERROR
r-release-macos-x86_64 0.1.1 ERROR
r-release-windows-ix86+x86_64 0.1.1 3.00 8.00 11.00 ERROR
r-oldrel-macos-x86_64 0.1.1 ERROR
r-oldrel-windows-ix86+x86_64 0.1.1 4.00 8.00 12.00 ERROR

Check Details

Version: 0.1.1
Check: LazyData
Result: NOTE
     'LazyData' is specified without a 'data' directory
Flavors: r-devel-linux-x86_64-debian-clang, r-devel-linux-x86_64-debian-gcc, r-devel-linux-x86_64-fedora-clang, r-devel-linux-x86_64-fedora-gcc, r-devel-windows-x86_64-new-UL, r-devel-windows-x86_64-new-TK, r-patched-linux-x86_64, r-release-linux-x86_64

Version: 0.1.1
Check: tests
Result: ERROR
     Running 'testthat.R' [9s]
    Running the tests in 'tests/testthat.R' failed.
    Complete output:
     > library(testthat)
     > library(rcrypt)
     >
     > test_check("rcrypt")
     gpg: decryption failed: Bad session key
     [ FAIL 1 | WARN 2 | SKIP 0 | PASS 18 ]
    
     ══ Failed tests ════════════════════════════════════════════════════════════════
     ── Error (test-decrypt.r:69:3): Decryption with passphrase passthrough and armor works ──
     Error in `file(con, "r")`: cannot open the connection
     Backtrace:
     █
     1. └─base::readLines("file2-decrypt.txt") test-decrypt.r:69:2
     2. └─base::file(con, "r")
    
     [ FAIL 1 | WARN 2 | SKIP 0 | PASS 18 ]
     Error: Test failures
     Execution halted
Flavor: r-devel-windows-x86_64-new-UL

Version: 0.1.1
Check: tests
Result: ERROR
     Running 'testthat.R'
    Running the tests in 'tests/testthat.R' failed.
    Complete output:
     > library(testthat)
     > library(rcrypt)
     >
     > test_check("rcrypt")
     gpg: decryption failed: Bad session key
     [ FAIL 1 | WARN 2 | SKIP 0 | PASS 18 ]
    
     ══ Failed tests ════════════════════════════════════════════════════════════════
     ── Error (test-decrypt.r:69:3): Decryption with passphrase passthrough and armor works ──
     Error in `file(con, "r")`: cannot open the connection
     Backtrace:
     █
     1. └─base::readLines("file2-decrypt.txt") test-decrypt.r:69:2
     2. └─base::file(con, "r")
    
     [ FAIL 1 | WARN 2 | SKIP 0 | PASS 18 ]
     Error: Test failures
     Execution halted
Flavor: r-devel-windows-x86_64-new-TK

Version: 0.1.1
Check: whether package can be installed
Result: ERROR
    Installation failed.
Flavors: r-release-macos-arm64, r-release-macos-x86_64, r-release-windows-ix86+x86_64, r-oldrel-macos-x86_64, r-oldrel-windows-ix86+x86_64