CRAN Package Check Results for Package rdbnomics

Last updated on 2022-07-02 07:07:08 CEST.

Flavor Version Tinstall Tcheck Ttotal Status Flags
r-devel-linux-x86_64-debian-clang 0.6.4 5.16 50.80 55.96 NOTE
r-devel-linux-x86_64-debian-gcc 0.6.4 4.19 38.55 42.74 NOTE
r-devel-linux-x86_64-fedora-clang 0.6.4 77.63 NOTE
r-devel-linux-x86_64-fedora-gcc 0.6.4 77.89 NOTE
r-devel-windows-x86_64 0.6.4 54.00 102.00 156.00 NOTE
r-patched-linux-x86_64 0.6.4 6.32 47.87 54.19 NOTE
r-release-linux-x86_64 0.6.4 6.19 48.93 55.12 NOTE
r-release-macos-arm64 0.6.4 32.00 NOTE
r-release-macos-x86_64 0.6.4 44.00 NOTE
r-release-windows-x86_64 0.6.4 42.00 110.00 152.00 NOTE
r-oldrel-macos-arm64 0.6.4 33.00 NOTE
r-oldrel-macos-x86_64 0.6.4 49.00 NOTE
r-oldrel-windows-ix86+x86_64 0.6.4 11.00 95.00 106.00 NOTE

Check Details

Version: 0.6.4
Check: LazyData
Result: NOTE
     'LazyData' is specified without a 'data' directory
Flavors: r-devel-linux-x86_64-debian-clang, r-devel-linux-x86_64-debian-gcc, r-devel-linux-x86_64-fedora-clang, r-devel-linux-x86_64-fedora-gcc, r-devel-windows-x86_64, r-patched-linux-x86_64, r-release-linux-x86_64, r-release-macos-arm64, r-release-macos-x86_64, r-release-windows-x86_64, r-oldrel-macos-arm64, r-oldrel-macos-x86_64, r-oldrel-windows-ix86+x86_64