CRAN Package Check Results for Package rdrop2

Last updated on 2021-04-17 06:46:54 CEST.

Flavor Version Tinstall Tcheck Ttotal Status Flags
r-devel-linux-x86_64-debian-clang 0.8.2.1 2.63 28.61 31.24 NOTE
r-devel-linux-x86_64-debian-gcc 0.8.2.1 2.23 22.63 24.86 NOTE
r-devel-linux-x86_64-fedora-clang 0.8.2.1 47.52 NOTE
r-devel-linux-x86_64-fedora-gcc 0.8.2.1 36.81 NOTE
r-devel-windows-ix86+x86_64 0.8.2.1 7.00 38.00 45.00 NOTE
r-devel-windows-x86_64-gcc10-UCRT 0.8.2.1 NOTE
r-patched-linux-x86_64 0.8.2.1 2.91 27.77 30.68 OK
r-patched-solaris-x86 0.8.2.1 58.40 OK
r-release-linux-x86_64 0.8.2.1 2.74 27.74 30.48 OK
r-release-macos-x86_64 0.8.2.1 OK
r-release-windows-ix86+x86_64 0.8.2.1 16.00 44.00 60.00 OK
r-oldrel-macos-x86_64 0.8.2.1 OK
r-oldrel-windows-ix86+x86_64 0.8.2.1 4.00 42.00 46.00 OK

Check Details

Version: 0.8.2.1
Check: LazyData
Result: NOTE
     'LazyData' is specified without a 'data' directory
Flavors: r-devel-linux-x86_64-debian-clang, r-devel-linux-x86_64-debian-gcc, r-devel-linux-x86_64-fedora-clang, r-devel-linux-x86_64-fedora-gcc, r-devel-windows-ix86+x86_64, r-devel-windows-x86_64-gcc10-UCRT