CRAN Package Check Results for Package rdtLite

Last updated on 2021-12-03 06:49:14 CET.

Flavor Version Tinstall Tcheck Ttotal Status Flags
r-devel-linux-x86_64-debian-clang 1.3 6.52 57.99 64.51 OK
r-devel-linux-x86_64-debian-gcc 1.3 5.13 44.68 49.81 OK
r-devel-linux-x86_64-fedora-clang 1.3 87.93 NOTE
r-devel-linux-x86_64-fedora-gcc 1.3 75.97 NOTE
r-devel-windows-x86_64-new-UL 1.3 18.00 105.00 123.00 OK
r-devel-windows-x86_64-new-TK 1.3 NOTE
r-devel-windows-x86_64-old 1.3 12.00 69.00 81.00 OK
r-patched-linux-x86_64 1.3 5.60 45.49 51.09 OK
r-patched-solaris-x86 1.3 89.10 NOTE
r-release-linux-x86_64 1.3 7.67 45.31 52.98 OK
r-release-macos-arm64 1.3 NOTE
r-release-macos-x86_64 1.3 NOTE
r-release-windows-ix86+x86_64 1.3 13.00 65.00 78.00 OK
r-oldrel-macos-x86_64 1.3 NOTE
r-oldrel-windows-ix86+x86_64 1.3 13.00 64.00 77.00 OK

Check Details

Version: 1.3
Check: dependencies in R code
Result: NOTE
    Namespace in Imports field not imported from: ‘gtools’
     All declared Imports should be used.
Flavors: r-devel-linux-x86_64-fedora-clang, r-devel-linux-x86_64-fedora-gcc, r-devel-windows-x86_64-new-TK, r-patched-solaris-x86, r-release-macos-arm64, r-release-macos-x86_64, r-oldrel-macos-x86_64