CRAN Package Check Results for Package rdtLite

Last updated on 2022-10-06 06:49:44 CEST.

Flavor Version Tinstall Tcheck Ttotal Status Flags
r-devel-linux-x86_64-debian-clang 1.4 5.92 47.68 53.60 OK
r-devel-linux-x86_64-debian-gcc 1.4 5.99 35.53 41.52 OK
r-devel-linux-x86_64-fedora-clang 1.4 78.80 NOTE
r-devel-linux-x86_64-fedora-gcc 1.4 79.08 NOTE
r-devel-windows-x86_64 1.4 59.00 71.00 130.00 OK
r-patched-linux-x86_64 1.4 5.19 44.73 49.92 OK
r-release-linux-x86_64 1.4 8.03 44.31 52.34 OK
r-release-macos-arm64 1.4 23.00 NOTE
r-release-macos-x86_64 1.4 32.00 NOTE
r-release-windows-x86_64 1.4 60.00 76.00 136.00 OK
r-oldrel-macos-arm64 1.4 23.00 NOTE
r-oldrel-macos-x86_64 1.4 32.00 NOTE
r-oldrel-windows-ix86+x86_64 1.4 13.00 68.00 81.00 OK

Check Details

Version: 1.4
Check: dependencies in R code
Result: NOTE
    Namespace in Imports field not imported from: ‘gtools’
     All declared Imports should be used.
Flavors: r-devel-linux-x86_64-fedora-clang, r-devel-linux-x86_64-fedora-gcc, r-release-macos-arm64, r-release-macos-x86_64, r-oldrel-macos-arm64, r-oldrel-macos-x86_64