CRAN Package Check Results for Package readabs

Last updated on 2024-02-21 06:53:19 CET.

Flavor Version Tinstall Tcheck Ttotal Status Flags
r-devel-linux-x86_64-debian-clang 0.4.14 NOTE
r-devel-linux-x86_64-debian-gcc 0.4.14 6.13 59.06 65.19 NOTE
r-devel-linux-x86_64-fedora-clang 0.4.14 113.12 OK
r-devel-linux-x86_64-fedora-gcc 0.4.14 120.80 OK
r-devel-windows-x86_64 0.4.14 8.00 82.00 90.00 OK
r-patched-linux-x86_64 0.4.14 7.43 76.35 83.78 OK
r-release-linux-x86_64 0.4.14 5.13 76.22 81.35 OK
r-release-macos-arm64 0.4.14 36.00 OK
r-release-macos-x86_64 0.4.14 81.00 OK
r-release-windows-x86_64 0.4.14 11.00 92.00 103.00 OK
r-oldrel-macos-arm64 0.4.14 34.00 OK
r-oldrel-windows-x86_64 0.4.14 10.00 92.00 102.00 OK

Check Details

Version: 0.4.14
Check: Rd files
Result: NOTE checkRd: (-1) read_awe.Rd:21: Lost braces in \itemize; meant \describe ? checkRd: (-1) read_awe.Rd:22: Lost braces in \itemize; meant \describe ? checkRd: (-1) read_awe.Rd:23: Lost braces in \itemize; meant \describe ? checkRd: (-1) read_payrolls.Rd:16-17: Lost braces in \itemize; meant \describe ? checkRd: (-1) read_payrolls.Rd:18-19: Lost braces in \itemize; meant \describe ? checkRd: (-1) read_payrolls.Rd:20: Lost braces in \itemize; meant \describe ? checkRd: (-1) read_payrolls.Rd:21-22: Lost braces in \itemize; meant \describe ? checkRd: (-1) read_payrolls.Rd:23-24: Lost braces in \itemize; meant \describe ? checkRd: (-1) read_payrolls.Rd:25-26: Lost braces in \itemize; meant \describe ? checkRd: (-1) read_payrolls.Rd:27-28: Lost braces in \itemize; meant \describe ? checkRd: (-1) read_payrolls.Rd:29: Lost braces in \itemize; meant \describe ? Flavors: r-devel-linux-x86_64-debian-clang, r-devel-linux-x86_64-debian-gcc