Last updated on 2023-03-28 06:51:26 CEST.
Flavor | Version | Tinstall | Tcheck | Ttotal | Status | Flags |
---|---|---|---|---|---|---|
r-devel-linux-x86_64-debian-clang | 0.81 | 7.04 | 77.20 | 84.24 | OK | |
r-devel-linux-x86_64-debian-gcc | 0.81 | 5.18 | 57.80 | 62.98 | OK | |
r-devel-linux-x86_64-fedora-clang | 0.81 | 102.83 | NOTE | |||
r-devel-linux-x86_64-fedora-gcc | 0.81 | 107.33 | NOTE | |||
r-patched-linux-x86_64 | 0.81 | 10.20 | 72.78 | 82.98 | OK | |
r-release-linux-x86_64 | 0.81 | 6.38 | 70.92 | 77.30 | OK | |
r-release-macos-arm64 | 0.81 | 30.00 | NOTE | |||
r-release-macos-x86_64 | 0.81 | 50.00 | NOTE | |||
r-release-windows-x86_64 | 0.81 | 55.00 | 166.00 | 221.00 | OK | |
r-oldrel-macos-arm64 | 0.81 | 37.00 | NOTE | |||
r-oldrel-macos-x86_64 | 0.81 | 42.00 | NOTE | |||
r-oldrel-windows-ix86+x86_64 | 0.81 | 15.00 | 96.00 | 111.00 | OK |
Version: 0.81
Check: data for non-ASCII characters
Result: NOTE
Note: found 1 marked Latin-1 string
Note: found 1 marked UTF-8 string
Note: found 7 strings marked as "bytes"
Flavors: r-devel-linux-x86_64-fedora-clang, r-devel-linux-x86_64-fedora-gcc, r-release-macos-arm64, r-release-macos-x86_64, r-oldrel-macos-arm64, r-oldrel-macos-x86_64