Last updated on 2021-01-25 06:46:30 CET.
Flavor | Version | Tinstall | Tcheck | Ttotal | Status | Flags |
---|---|---|---|---|---|---|
r-devel-linux-x86_64-debian-clang | 1.3.1 | 70.47 | 45.04 | 115.51 | OK | |
r-devel-linux-x86_64-debian-gcc | 1.3.1 | 46.04 | 35.12 | 81.16 | OK | |
r-devel-linux-x86_64-fedora-clang | 1.3.1 | 165.09 | NOTE | |||
r-devel-linux-x86_64-fedora-gcc | 1.3.1 | 143.23 | OK | |||
r-devel-windows-ix86+x86_64 | 1.3.1 | 161.00 | 95.00 | 256.00 | OK | |
r-patched-linux-x86_64 | 1.3.1 | 56.17 | 43.69 | 99.86 | OK | |
r-patched-solaris-x86 | 1.3.1 | 145.10 | OK | |||
r-release-linux-x86_64 | 1.3.1 | 56.59 | 44.54 | 101.13 | OK | |
r-release-macos-x86_64 | 1.3.1 | OK | ||||
r-release-windows-ix86+x86_64 | 1.3.1 | 158.00 | 86.00 | 244.00 | OK | |
r-oldrel-macos-x86_64 | 1.3.1 | OK | ||||
r-oldrel-windows-ix86+x86_64 | 1.3.1 | 134.00 | 102.00 | 236.00 | OK |
Version: 1.3.1
Check: installed package size
Result: NOTE
installed size is 5.8Mb
sub-directories of 1Mb or more:
libs 4.4Mb
Flavor: r-devel-linux-x86_64-fedora-clang