Last updated on 2023-02-02 06:55:03 CET.
Flavor | Version | Tinstall | Tcheck | Ttotal | Status | Flags |
---|---|---|---|---|---|---|
r-devel-linux-x86_64-debian-clang | 0.3.0 | 73.08 | 67.74 | 140.82 | OK | |
r-devel-linux-x86_64-debian-gcc | 0.3.0 | 64.89 | 53.75 | 118.64 | OK | |
r-devel-linux-x86_64-fedora-clang | 0.3.0 | 204.36 | OK | |||
r-devel-linux-x86_64-fedora-gcc | 0.3.0 | 194.78 | OK | |||
r-devel-windows-x86_64 | 0.3.0 | 88.00 | 142.00 | 230.00 | OK | |
r-patched-linux-x86_64 | 0.3.0 | 64.00 | 67.63 | 131.63 | OK | |
r-release-linux-x86_64 | 0.3.0 | 59.85 | 64.83 | 124.68 | OK | |
r-release-macos-arm64 | 0.3.0 | 49.00 | NOTE | |||
r-release-macos-x86_64 | 0.3.0 | 72.00 | NOTE | |||
r-release-windows-x86_64 | 0.3.0 | 82.00 | 140.00 | 222.00 | OK | |
r-oldrel-macos-arm64 | 0.3.0 | 58.00 | NOTE | |||
r-oldrel-macos-x86_64 | 0.3.0 | 78.00 | NOTE | |||
r-oldrel-windows-ix86+x86_64 | 0.3.0 | 183.00 | 135.00 | 318.00 | NOTE |
Version: 0.3.0
Check: installed package size
Result: NOTE
installed size is 5.2Mb
sub-directories of 1Mb or more:
doc 2.5Mb
libs 2.6Mb
Flavors: r-release-macos-arm64, r-release-macos-x86_64, r-oldrel-macos-arm64, r-oldrel-macos-x86_64, r-oldrel-windows-ix86+x86_64