Last updated on 2021-01-16 06:51:20 CET.
Flavor | Version | Tinstall | Tcheck | Ttotal | Status | Flags |
---|---|---|---|---|---|---|
r-devel-linux-x86_64-debian-clang | 1.0.7 | 25.45 | 197.00 | 222.45 | OK | |
r-devel-linux-x86_64-debian-gcc | 1.0.7 | 17.32 | 138.77 | 156.09 | OK | |
r-devel-linux-x86_64-fedora-clang | 1.0.7 | 272.50 | NOTE | |||
r-devel-linux-x86_64-fedora-gcc | 1.0.7 | 251.57 | NOTE | |||
r-devel-windows-ix86+x86_64 | 1.0.7 | 41.00 | 265.00 | 306.00 | OK | |
r-patched-linux-x86_64 | 1.0.7 | 23.14 | 179.92 | 203.06 | OK | |
r-patched-solaris-x86 | 1.0.7 | 268.90 | NOTE | |||
r-release-linux-x86_64 | 1.0.7 | 20.86 | 181.82 | 202.68 | OK | |
r-release-macos-x86_64 | 1.0.7 | NOTE | ||||
r-release-windows-ix86+x86_64 | 1.0.7 | 50.00 | 241.00 | 291.00 | OK | |
r-oldrel-macos-x86_64 | 1.0.7 | NOTE | ||||
r-oldrel-windows-ix86+x86_64 | 1.0.7 | 51.00 | 219.00 | 270.00 | OK |
Version: 1.0.7
Check: data for non-ASCII characters
Result: NOTE
Note: found 1036 marked UTF-8 strings
Flavors: r-devel-linux-x86_64-fedora-clang, r-devel-linux-x86_64-fedora-gcc, r-patched-solaris-x86, r-release-macos-x86_64, r-oldrel-macos-x86_64