Last updated on 2023-03-25 05:50:42 CET.
Flavor | Version | Tinstall | Tcheck | Ttotal | Status | Flags |
---|---|---|---|---|---|---|
r-devel-linux-x86_64-debian-clang | 0.1 | 3.01 | 29.78 | 32.79 | OK | |
r-devel-linux-x86_64-debian-gcc | 0.1 | 2.59 | 23.54 | 26.13 | OK | |
r-devel-linux-x86_64-fedora-clang | 0.1 | 42.00 | NOTE | |||
r-devel-linux-x86_64-fedora-gcc | 0.1 | 39.66 | OK | |||
r-patched-linux-x86_64 | 0.1 | 3.39 | 30.27 | 33.66 | OK | |
r-release-linux-x86_64 | 0.1 | 2.04 | 30.03 | 32.07 | OK | |
r-release-macos-arm64 | 0.1 | 14.00 | OK | |||
r-release-macos-x86_64 | 0.1 | 20.00 | OK | |||
r-release-windows-x86_64 | 0.1 | 14.00 | 64.00 | 78.00 | OK | |
r-oldrel-macos-arm64 | 0.1 | 18.00 | OK | |||
r-oldrel-macos-x86_64 | 0.1 | 24.00 | OK | |||
r-oldrel-windows-ix86+x86_64 | 0.1 | 7.00 | 53.00 | 60.00 | OK |
Version: 0.1
Check: Rd cross-references
Result: NOTE
Undeclared package ‘car’ in Rd xrefs
Flavor: r-devel-linux-x86_64-fedora-clang