CRAN Package Check Results for Package recogito

Last updated on 2022-01-23 07:14:11 CET.

Flavor Version Tinstall Tcheck Ttotal Status Flags
r-devel-linux-x86_64-debian-clang 0.1.1 2.46 39.84 42.30 OK
r-devel-linux-x86_64-debian-gcc 0.1.1 2.46 30.98 33.44 OK
r-devel-linux-x86_64-fedora-clang 0.1.1 48.20 NOTE
r-devel-linux-x86_64-fedora-gcc 0.1.1 38.30 OK
r-devel-windows-x86_64-new-UL 0.1.1 93.00 59.00 152.00 OK
r-devel-windows-x86_64-new-TK 0.1.1 OK
r-patched-linux-x86_64 0.1.1 2.50 35.01 37.51 OK
r-release-linux-x86_64 0.1.1 2.37 34.83 37.20 OK
r-release-macos-arm64 0.1.1 OK
r-release-macos-x86_64 0.1.1 OK
r-release-windows-ix86+x86_64 0.1.1 6.00 42.00 48.00 OK
r-oldrel-macos-x86_64 0.1.1 OK
r-oldrel-windows-ix86+x86_64 0.1.1 7.00 43.00 50.00 OK

Check Details

Version: 0.1.1
Check: package dependencies
Result: NOTE
    Package suggested but not available for checking: ‘opencv’
Flavor: r-devel-linux-x86_64-fedora-clang