CRAN Package Check Results for Package recombinator

Last updated on 2024-06-22 07:49:39 CEST.

Flavor Version Tinstall Tcheck Ttotal Status Flags
r-devel-linux-x86_64-debian-clang 1.0.1 2.22 25.21 27.43 NOTE
r-devel-linux-x86_64-debian-gcc 1.0.1 1.64 19.87 21.51 NOTE
r-devel-linux-x86_64-fedora-clang 1.0.1 34.87 NOTE
r-devel-linux-x86_64-fedora-gcc 1.0.1 33.31 NOTE
r-devel-windows-x86_64 1.0.1 3.00 42.00 45.00 NOTE
r-patched-linux-x86_64 1.0.1 2.35 24.10 26.45 NOTE
r-release-linux-x86_64 1.0.1 2.12 25.01 27.13 NOTE
r-release-macos-arm64 1.0.1 15.00 NOTE
r-release-macos-x86_64 1.0.1 23.00 NOTE
r-release-windows-x86_64 1.0.1 2.00 41.00 43.00 NOTE
r-oldrel-macos-arm64 1.0.1 18.00 NOTE
r-oldrel-macos-x86_64 1.0.1 20.00 NOTE
r-oldrel-windows-x86_64 1.0.1 3.00 44.00 47.00 NOTE

Check Details

Version: 1.0.1
Check: Rd files
Result: NOTE checkRd: (-1) recombinator.Rd:32-34: Lost braces in \enumerate; meant \describe ? checkRd: (-1) recombinator.Rd:35-38: Lost braces in \enumerate; meant \describe ? Flavors: r-devel-linux-x86_64-debian-clang, r-devel-linux-x86_64-debian-gcc, r-devel-linux-x86_64-fedora-clang, r-devel-linux-x86_64-fedora-gcc, r-devel-windows-x86_64, r-patched-linux-x86_64, r-release-linux-x86_64, r-release-macos-arm64, r-release-macos-x86_64, r-release-windows-x86_64

Version: 1.0.1
Check: LazyData
Result: NOTE 'LazyData' is specified without a 'data' directory Flavors: r-devel-linux-x86_64-debian-clang, r-devel-linux-x86_64-debian-gcc, r-devel-linux-x86_64-fedora-clang, r-devel-linux-x86_64-fedora-gcc, r-devel-windows-x86_64, r-patched-linux-x86_64, r-release-linux-x86_64, r-release-macos-arm64, r-release-macos-x86_64, r-release-windows-x86_64, r-oldrel-macos-arm64, r-oldrel-macos-x86_64, r-oldrel-windows-x86_64