CRAN Package Check Results for Package recometrics

Last updated on 2023-02-02 06:55:04 CET.

Flavor Version Tinstall Tcheck Ttotal Status Flags
r-devel-linux-x86_64-debian-clang 0.1.6-1 41.78 119.84 161.62 NOTE
r-devel-linux-x86_64-debian-gcc 0.1.6-1 32.35 90.61 122.96 NOTE
r-devel-linux-x86_64-fedora-clang 0.1.6-1 207.59 NOTE
r-devel-linux-x86_64-fedora-gcc 0.1.6-1 222.03 NOTE
r-devel-windows-x86_64 0.1.6-1 77.00 180.00 257.00 NOTE
r-patched-linux-x86_64 0.1.6-1 35.50 112.12 147.62 OK
r-release-linux-x86_64 0.1.6-1 33.04 115.91 148.95 OK
r-release-macos-arm64 0.1.6-1 55.00 OK
r-release-macos-x86_64 0.1.6-1 78.00 OK
r-release-windows-x86_64 0.1.6-1 51.00 179.00 230.00 OK
r-oldrel-macos-arm64 0.1.6-1 51.00 OK
r-oldrel-macos-x86_64 0.1.6-1 77.00 OK
r-oldrel-windows-ix86+x86_64 0.1.6-1 76.00 17.00 93.00 ERROR

Check Details

Version: 0.1.6-1
Check: C++ specification
Result: NOTE
     Specified C++11: please update to current default of C++17
Flavors: r-devel-linux-x86_64-debian-clang, r-devel-linux-x86_64-debian-gcc, r-devel-linux-x86_64-fedora-clang, r-devel-linux-x86_64-fedora-gcc, r-devel-windows-x86_64

Version: 0.1.6-1
Check: whether package can be installed
Result: ERROR
    Installation failed.
Flavor: r-oldrel-windows-ix86+x86_64