CRAN Package Check Results for Package redland

Last updated on 2022-01-23 07:14:11 CET.

Flavor Version Tinstall Tcheck Ttotal Status Flags
r-devel-linux-x86_64-debian-clang 1.0.17-16 12.91 71.12 84.03 OK
r-devel-linux-x86_64-debian-gcc 1.0.17-16 10.18 60.79 70.97 OK
r-devel-linux-x86_64-fedora-clang 1.0.17-16 103.33 OK
r-devel-linux-x86_64-fedora-gcc 1.0.17-16 101.59 OK
r-devel-windows-x86_64-new-UL 1.0.17-16 90.00 115.00 205.00 OK
r-devel-windows-x86_64-new-TK 1.0.17-16 OK
r-patched-linux-x86_64 1.0.17-16 15.10 68.95 84.05 OK
r-release-linux-x86_64 1.0.17-16 12.52 67.92 80.44 OK
r-release-macos-arm64 1.0.17-15 NOTE
r-release-macos-x86_64 1.0.17-16 OK
r-release-windows-ix86+x86_64 1.0.17-16 32.00 118.00 150.00 NOTE
r-oldrel-macos-x86_64 1.0.17-15 NOTE
r-oldrel-windows-ix86+x86_64 1.0.17-16 33.00 120.00 153.00 NOTE

Check Details

Version: 1.0.17-15
Check: installed package size
Result: NOTE
     installed size is 7.8Mb
     sub-directories of 1Mb or more:
     libs 6.7Mb
Flavors: r-release-macos-arm64, r-oldrel-macos-x86_64

Version: 1.0.17-16
Check: installed package size
Result: NOTE
     installed size is 5.9Mb
     sub-directories of 1Mb or more:
     libs 5.0Mb
Flavors: r-release-windows-ix86+x86_64, r-oldrel-windows-ix86+x86_64