CRAN Package Check Results for Package redux

Last updated on 2020-09-25 06:50:08 CEST.

Flavor Version Tinstall Tcheck Ttotal Status Flags
r-devel-linux-x86_64-debian-clang 1.1.0 6.52 34.05 40.57 OK
r-devel-linux-x86_64-debian-gcc 1.1.0 5.47 26.14 31.61 OK
r-devel-linux-x86_64-fedora-clang 1.1.0 63.20 NOTE
r-devel-linux-x86_64-fedora-gcc 1.1.0 50.18 NOTE
r-devel-windows-ix86+x86_64 1.1.0 30.00 71.00 101.00 OK
r-patched-linux-x86_64 1.1.0 7.81 32.70 40.51 OK
r-release-linux-x86_64 1.1.0 6.52 33.08 39.60 OK
r-release-macos-x86_64 1.1.0 OK
r-release-windows-ix86+x86_64 1.1.0 23.00 76.00 99.00 OK
r-oldrel-macos-x86_64 1.1.0 OK
r-oldrel-windows-ix86+x86_64 1.1.0 23.00 69.00 92.00 OK

Check Details

Version: 1.1.0
Check: top-level files
Result: NOTE
    ‘configure’: /bin/bash is not portable
Flavors: r-devel-linux-x86_64-fedora-clang, r-devel-linux-x86_64-fedora-gcc