CRAN Package Check Results for Package redux

Last updated on 2020-11-28 06:49:33 CET.

Flavor Version Tinstall Tcheck Ttotal Status Flags
r-devel-linux-x86_64-debian-clang 1.1.0 9.01 42.32 51.33 OK
r-devel-linux-x86_64-debian-gcc 1.1.0 5.78 28.50 34.28 OK
r-devel-linux-x86_64-fedora-clang 1.1.0 59.77 NOTE
r-devel-linux-x86_64-fedora-gcc 1.1.0 50.83 NOTE
r-devel-windows-ix86+x86_64 1.1.0 28.00 58.00 86.00 OK
r-patched-linux-x86_64 1.1.0 9.16 39.71 48.87 OK
r-release-linux-x86_64 1.1.0 9.20 40.78 49.98 OK
r-release-macos-x86_64 1.1.0 OK
r-release-windows-ix86+x86_64 1.1.0 30.00 59.00 89.00 OK
r-oldrel-macos-x86_64 1.1.0 OK
r-oldrel-windows-ix86+x86_64 1.1.0 23.00 78.00 101.00 OK

Check Details

Version: 1.1.0
Check: top-level files
Result: NOTE
    ‘configure’: /bin/bash is not portable
Flavors: r-devel-linux-x86_64-fedora-clang, r-devel-linux-x86_64-fedora-gcc