Last updated on 2023-03-26 06:53:34 CEST.
Flavor | Version | Tinstall | Tcheck | Ttotal | Status | Flags |
---|---|---|---|---|---|---|
r-devel-linux-x86_64-debian-clang | 0.1.1 | 5.52 | 82.06 | 87.58 | OK | |
r-devel-linux-x86_64-debian-gcc | 0.1.1 | 3.93 | 62.09 | 66.02 | OK | |
r-devel-linux-x86_64-fedora-clang | 0.1.1 | 109.61 | OK | |||
r-devel-linux-x86_64-fedora-gcc | 0.1.1 | 113.77 | OK | |||
r-patched-linux-x86_64 | 0.1.1 | 7.11 | 76.12 | 83.23 | OK | |
r-release-linux-x86_64 | 0.1.1 | 5.62 | 76.98 | 82.60 | OK | |
r-release-macos-arm64 | 0.1.1 | 33.00 | OK | |||
r-release-macos-x86_64 | 0.1.1 | 47.00 | OK | |||
r-release-windows-x86_64 | 0.1.1 | 34.00 | 157.00 | 191.00 | OK | |
r-oldrel-macos-arm64 | 0.1.1 | 39.00 | OK | |||
r-oldrel-macos-x86_64 | 0.1.1 | 50.00 | OK | |||
r-oldrel-windows-ix86+x86_64 | 0.1.1 | 14.00 | 116.00 | 130.00 | NOTE |
Version: 0.1.1
Check: dependencies in R code
Result: NOTE
Initiating curl with CURL_SSL_BACKEND: openssl
Flavor: r-oldrel-windows-ix86+x86_64