Last updated on 2023-11-28 07:53:14 CET.
Flavor | Version | Tinstall | Tcheck | Ttotal | Status | Flags |
---|---|---|---|---|---|---|
r-devel-linux-x86_64-debian-clang | 2.1.0 | 67.94 | 927.62 | 995.56 | NOTE | |
r-devel-linux-x86_64-debian-gcc | 2.1.0 | 50.65 | 748.65 | 799.30 | NOTE | |
r-devel-linux-x86_64-fedora-clang | 2.1.0 | 1257.62 | NOTE | |||
r-devel-linux-x86_64-fedora-gcc | 2.1.0 | 1242.30 | NOTE | |||
r-devel-windows-x86_64 | 2.1.0 | 58.00 | 737.00 | 795.00 | NOTE | |
r-patched-linux-x86_64 | 2.1.0 | 70.31 | 903.40 | 973.71 | NOTE | |
r-release-linux-x86_64 | 2.1.0 | 48.67 | 899.45 | 948.12 | NOTE | |
r-release-macos-arm64 | 2.1.0 | 410.00 | NOTE | |||
r-release-macos-x86_64 | 2.1.0 | 628.00 | NOTE | |||
r-release-windows-x86_64 | 2.1.0 | 73.00 | 977.00 | 1050.00 | NOTE | |
r-oldrel-macos-arm64 | 2.1.0 | 314.00 | OK | |||
r-oldrel-macos-x86_64 | 2.1.0 | 451.00 | OK | |||
r-oldrel-windows-x86_64 | 2.1.0 | 74.00 | 1025.00 | 1099.00 | OK |
Version: 2.1.0
Check: C++ specification
Result: NOTE
Specified C++11: please drop specification unless essential
Flavors: r-devel-linux-x86_64-debian-clang, r-devel-linux-x86_64-debian-gcc, r-devel-linux-x86_64-fedora-clang, r-devel-linux-x86_64-fedora-gcc, r-devel-windows-x86_64, r-patched-linux-x86_64, r-release-linux-x86_64, r-release-macos-arm64, r-release-macos-x86_64, r-release-windows-x86_64