CRAN Package Check Results for Package regnet

Last updated on 2021-06-19 06:48:22 CEST.

Flavor Version Tinstall Tcheck Ttotal Status Flags
r-devel-linux-x86_64-debian-clang 0.4.0 180.96 34.62 215.58 OK
r-devel-linux-x86_64-debian-gcc 0.4.0 116.29 27.53 143.82 OK
r-devel-linux-x86_64-fedora-clang 0.4.0 318.90 NOTE
r-devel-linux-x86_64-fedora-gcc 0.4.0 268.35 OK
r-devel-windows-x86_64 0.4.0 222.00 60.00 282.00 OK
r-devel-windows-x86_64-gcc10-UCRT 0.4.0 OK
r-patched-linux-x86_64 0.4.0 138.75 33.85 172.60 OK
r-patched-solaris-x86 0.4.0 245.20 OK
r-release-linux-x86_64 0.4.0 143.26 33.61 176.87 OK
r-release-macos-arm64 0.4.0 NOTE
r-release-macos-x86_64 0.4.0 NOTE
r-release-windows-ix86+x86_64 0.4.0 439.00 81.00 520.00 OK
r-oldrel-macos-x86_64 0.4.0 NOTE
r-oldrel-windows-ix86+x86_64 0.4.0 323.00 81.00 404.00 OK

Check Details

Version: 0.4.0
Check: installed package size
Result: NOTE
     installed size is 5.8Mb
     sub-directories of 1Mb or more:
     data 1.6Mb
     libs 4.1Mb
Flavors: r-devel-linux-x86_64-fedora-clang, r-release-macos-arm64, r-release-macos-x86_64, r-oldrel-macos-x86_64